Last updated on 2023-12-02 03:57:53 CET.
Flavor | Version | Tinstall | Tcheck | Ttotal | Status | Flags |
---|---|---|---|---|---|---|
r-devel-linux-x86_64-debian-clang | 1.4.0 | 18.89 | 264.49 | 283.38 | NOTE | |
r-devel-linux-x86_64-debian-gcc | 1.4.0 | 17.25 | 192.55 | 209.80 | NOTE | |
r-devel-linux-x86_64-fedora-clang | 1.4.0 | 339.56 | OK | |||
r-devel-linux-x86_64-fedora-gcc | 1.4.0 | 346.96 | OK | |||
r-devel-windows-x86_64 | 1.4.0 | 18.00 | 246.00 | 264.00 | OK | |
r-patched-linux-x86_64 | 1.4.0 | 24.95 | 250.76 | 275.71 | OK | |
r-release-linux-x86_64 | 1.4.0 | 18.84 | 250.85 | 269.69 | OK | |
r-release-macos-arm64 | 1.4.0 | 103.00 | OK | |||
r-release-macos-x86_64 | 1.4.0 | 173.00 | OK | |||
r-release-windows-x86_64 | 1.4.0 | 24.00 | 262.00 | 286.00 | OK | |
r-oldrel-macos-arm64 | 1.4.0 | 103.00 | OK | |||
r-oldrel-macos-x86_64 | 1.4.0 | 129.00 | OK | |||
r-oldrel-windows-x86_64 | 1.4.0 | 27.00 | 248.00 | 275.00 | OK |
Version: 1.4.0
Check: Rd files
Result: NOTE
checkRd: (-1) ordinate.Rd:151-153: Lost braces in \itemize; meant \describe ?
checkRd: (-1) ordinate.Rd:154-160: Lost braces in \itemize; meant \describe ?
checkRd: (-1) ordinate.Rd:161-170: Lost braces in \itemize; meant \describe ?
checkRd: (-1) pairwise.Rd:82-90: Lost braces in \itemize; meant \describe ?
checkRd: (-1) pairwise.Rd:91-97: Lost braces in \itemize; meant \describe ?
checkRd: (-1) pairwise.Rd:98-105: Lost braces in \itemize; meant \describe ?
checkRd: (-1) pairwise.Rd:106-115: Lost braces in \itemize; meant \describe ?
checkRd: (-1) pairwise.Rd:146: Lost braces
146 | In previous versions of pairwise, code{\link{summary.pairwise}} had three
| ^
checkRd: (-1) summary.pairwise.Rd:45-53: Lost braces in \itemize; meant \describe ?
checkRd: (-1) summary.pairwise.Rd:54-60: Lost braces in \itemize; meant \describe ?
checkRd: (-1) summary.pairwise.Rd:61-68: Lost braces in \itemize; meant \describe ?
checkRd: (-1) summary.pairwise.Rd:69-81: Lost braces in \itemize; meant \describe ?
checkRd: (-1) summary.pairwise.Rd:88: Lost braces
88 | In previous versions of pairwise, code{\link{summary.pairwise}} had three
| ^
Flavors: r-devel-linux-x86_64-debian-clang, r-devel-linux-x86_64-debian-gcc