Last updated on 2022-07-07 04:50:05 CEST.
Flavor | Version | Tinstall | Tcheck | Ttotal | Status | Flags |
---|---|---|---|---|---|---|
r-devel-linux-x86_64-debian-clang | 2.2.14 | 264.29 | 81.35 | 345.64 | OK | |
r-devel-linux-x86_64-debian-gcc | 2.2.14 | 216.67 | 60.54 | 277.21 | OK | |
r-devel-linux-x86_64-fedora-clang | 2.2.14 | 501.91 | NOTE | |||
r-devel-linux-x86_64-fedora-gcc | 2.2.14 | 447.47 | OK | |||
r-devel-windows-x86_64 | 2.2.14 | 850.00 | 169.00 | 1019.00 | OK | |
r-patched-linux-x86_64 | 2.2.14 | 229.22 | 78.20 | 307.42 | OK | |
r-release-linux-x86_64 | 2.2.14 | 215.18 | 77.32 | 292.50 | OK | |
r-release-macos-arm64 | 2.2.14 | 114.00 | NOTE | |||
r-release-macos-x86_64 | 2.2.14 | 174.00 | NOTE | |||
r-release-windows-x86_64 | 2.2.14 | 998.00 | 213.00 | 1211.00 | OK | |
r-oldrel-macos-arm64 | 2.2.14 | 110.00 | NOTE | |||
r-oldrel-macos-x86_64 | 2.2.14 | 151.00 | NOTE | |||
r-oldrel-windows-ix86+x86_64 | 2.2.14 | 4.00 | 10.00 | 14.00 | ERROR |
Version: 2.2.14
Check: installed package size
Result: NOTE
installed size is 9.8Mb
sub-directories of 1Mb or more:
libs 9.1Mb
Flavors: r-devel-linux-x86_64-fedora-clang, r-release-macos-arm64, r-release-macos-x86_64, r-oldrel-macos-arm64, r-oldrel-macos-x86_64
Version: 2.2.14
Check: whether package can be installed
Result: ERROR
Installation failed.
Flavor: r-oldrel-windows-ix86+x86_64