Last updated on 2023-10-02 05:06:49 CEST.
Flavor | Version | Tinstall | Tcheck | Ttotal | Status | Flags |
---|---|---|---|---|---|---|
r-devel-linux-x86_64-debian-clang | 1.3.14.4 | 347.07 | 299.41 | 646.48 | OK | |
r-devel-linux-x86_64-debian-gcc | 1.3.14.4 | 247.88 | 223.61 | 471.49 | OK | |
r-devel-linux-x86_64-fedora-clang | 1.3.14.4 | 1349.10 | OK | |||
r-devel-linux-x86_64-fedora-gcc | 1.3.14.4 | 935.23 | OK | |||
r-devel-windows-x86_64 | 1.3.14.4 | 355.00 | 252.00 | 607.00 | OK | |
r-patched-linux-x86_64 | 1.3.14.4 | 343.10 | 300.00 | 643.10 | OK | |
r-release-linux-x86_64 | 1.3.14.4 | 353.44 | 293.39 | 646.83 | OK | |
r-release-macos-arm64 | 1.3.14.4 | 196.00 | NOTE | |||
r-release-macos-x86_64 | 1.3.14.4 | 308.00 | NOTE | |||
r-release-windows-x86_64 | 1.3.14.4 | 421.00 | 317.00 | 738.00 | OK | |
r-oldrel-macos-arm64 | 1.3.14.4 | 184.00 | NOTE | |||
r-oldrel-macos-x86_64 | 1.3.14.4 | 554.00 | ERROR | |||
r-oldrel-windows-x86_64 | 1.3.14.4 | 383.00 | 301.00 | 684.00 | OK |
Version: 1.3.14.4
Check: installed package size
Result: NOTE
installed size is 26.4Mb
sub-directories of 1Mb or more:
R 1.0Mb
libs 24.5Mb
Flavors: r-release-macos-arm64, r-release-macos-x86_64, r-oldrel-macos-arm64
Version: 1.3.14.4
Check: whether package can be installed
Result: ERROR
Installation failed.
Flavor: r-oldrel-macos-x86_64