CRAN Package Check Results for Package RSurveillance

Last updated on 2023-01-27 03:53:56 CET.

Flavor Version Tinstall Tcheck Ttotal Status Flags
r-devel-linux-x86_64-debian-clang 0.2.1 4.16 50.48 54.64 OK
r-devel-linux-x86_64-debian-gcc 0.2.1 3.44 37.89 41.33 OK
r-devel-linux-x86_64-fedora-clang 0.2.1 70.12 NOTE
r-devel-linux-x86_64-fedora-gcc 0.2.1 71.80 NOTE
r-devel-windows-x86_64 0.2.1 79.00 87.00 166.00 OK
r-patched-linux-x86_64 0.2.1 5.47 47.42 52.89 OK
r-release-linux-x86_64 0.2.1 3.05 48.68 51.73 OK
r-release-macos-arm64 0.2.1 21.00 NOTE
r-release-macos-x86_64 0.2.1 32.00 NOTE
r-release-windows-x86_64 0.2.1 53.00 79.00 132.00 OK
r-oldrel-macos-arm64 0.2.1 26.00 NOTE
r-oldrel-macos-x86_64 0.2.1 39.00 NOTE
r-oldrel-windows-ix86+x86_64 0.2.1 11.00 75.00 86.00 OK

Check Details

Version: 0.2.1
Check: dependencies in R code
Result: NOTE
    Namespace in Imports field not imported from: ‘mc2d’
     All declared Imports should be used.
Flavors: r-devel-linux-x86_64-fedora-clang, r-devel-linux-x86_64-fedora-gcc, r-release-macos-arm64, r-release-macos-x86_64, r-oldrel-macos-arm64, r-oldrel-macos-x86_64