CRAN Package Check Results for Package RTIGER

Last updated on 2022-12-05 03:55:10 CET.

Flavor Version Tinstall Tcheck Ttotal Status Flags
r-devel-linux-x86_64-debian-clang 1.99.0 23.27 234.05 257.32 OK
r-devel-linux-x86_64-debian-gcc 1.99.0 17.96 170.40 188.36 OK
r-devel-linux-x86_64-fedora-clang 1.99.0 327.08 OK
r-devel-linux-x86_64-fedora-gcc 1.99.0 330.77 OK
r-devel-windows-x86_64 1.99.0 36.00 234.00 270.00 OK
r-patched-linux-x86_64 1.99.0 19.73 217.98 237.71 OK
r-release-linux-x86_64 1.99.0 20.93 220.31 241.24 OK
r-release-macos-arm64 1.99.0 79.00 NOTE
r-release-macos-x86_64 1.99.0 148.00 OK
r-release-windows-x86_64 1.99.0 40.00 243.00 283.00 OK
r-oldrel-macos-arm64 1.99.0 78.00 OK
r-oldrel-macos-x86_64 1.99.0 108.00 OK
r-oldrel-windows-ix86+x86_64 1.99.0 50.00 236.00 286.00 OK

Check Details

Version: 1.99.0
Check: package dependencies
Result: NOTE
    Packages suggested but not available for checking: 'Gviz', 'rtracklayer'
Flavor: r-release-macos-arm64