CRAN Package Check Results for Package RaMS

Last updated on 2022-08-15 04:50:24 CEST.

Flavor Version Tinstall Tcheck Ttotal Status Flags
r-devel-linux-x86_64-debian-clang 1.0.0 3.80 111.94 115.74 NOTE
r-devel-linux-x86_64-debian-gcc 1.0.0 2.65 78.64 81.29 NOTE
r-devel-linux-x86_64-fedora-clang 1.0.0 138.73 NOTE
r-devel-linux-x86_64-fedora-gcc 1.0.0 141.57 NOTE
r-devel-windows-x86_64 1.0.0 22.00 147.00 169.00 NOTE
r-patched-linux-x86_64 1.0.0 3.75 100.62 104.37 NOTE
r-release-linux-x86_64 1.0.0 3.85 100.52 104.37 NOTE
r-release-macos-arm64 1.0.0 49.00 NOTE
r-release-macos-x86_64 1.0.0 67.00 NOTE
r-release-windows-x86_64 1.0.0 26.00 149.00 175.00 NOTE
r-oldrel-macos-arm64 1.0.0 59.00 NOTE
r-oldrel-macos-x86_64 1.0.0 85.00 NOTE
r-oldrel-windows-ix86+x86_64 1.0.0 8.00 131.00 139.00 NOTE

Check Details

Version: 1.0.0
Check: LazyData
Result: NOTE
     'LazyData' is specified without a 'data' directory
Flavors: r-devel-linux-x86_64-debian-clang, r-devel-linux-x86_64-debian-gcc, r-devel-linux-x86_64-fedora-clang, r-devel-linux-x86_64-fedora-gcc, r-devel-windows-x86_64, r-patched-linux-x86_64, r-release-linux-x86_64, r-release-macos-arm64, r-release-macos-x86_64, r-release-windows-x86_64, r-oldrel-macos-arm64, r-oldrel-macos-x86_64, r-oldrel-windows-ix86+x86_64