CRAN Package Check Results for Package Rarity

Last updated on 2022-09-30 04:59:17 CEST.

Flavor Version Tinstall Tcheck Ttotal Status Flags
r-devel-linux-x86_64-debian-clang 1.3-6 5.10 34.34 39.44 OK
r-devel-linux-x86_64-debian-gcc 1.3-6 4.37 27.10 31.47 OK
r-devel-linux-x86_64-fedora-clang 1.3-6 61.87 NOTE
r-devel-linux-x86_64-fedora-gcc 1.3-6 60.69 OK
r-devel-windows-x86_64 1.3-6 13.00 64.00 77.00 OK
r-patched-linux-x86_64 1.3-6 4.85 33.53 38.38 OK
r-release-linux-x86_64 1.3-6 4.68 33.04 37.72 OK
r-release-macos-arm64 1.3-6 18.00 OK
r-release-macos-x86_64 1.3-6 27.00 OK
r-release-windows-x86_64 1.3-6 9.00 59.00 68.00 OK
r-oldrel-macos-arm64 1.3-6 22.00 OK
r-oldrel-macos-x86_64 1.3-6 32.00 OK
r-oldrel-windows-ix86+x86_64 1.3-6 10.00 49.00 59.00 OK

Check Details

Version: 1.3-6
Check: Rd cross-references
Result: NOTE
    Undeclared package ‘arm’ in Rd xrefs
Flavor: r-devel-linux-x86_64-fedora-clang