CRAN Package Check Results for Package Rcatch22

Last updated on 2022-12-02 04:00:19 CET.

Flavor Version Tinstall Tcheck Ttotal Status Flags
r-devel-linux-x86_64-debian-clang 0.2.1 27.34 39.74 67.08 OK
r-devel-linux-x86_64-debian-gcc 0.2.1 20.13 31.03 51.16 OK
r-devel-linux-x86_64-fedora-clang 0.2.1 98.47 NOTE
r-devel-linux-x86_64-fedora-gcc 0.2.1 90.38 NOTE
r-devel-windows-x86_64 0.2.1 53.00 107.00 160.00 OK
r-patched-linux-x86_64 0.2.1 21.40 37.44 58.84 OK
r-release-linux-x86_64 0.2.1 21.75 38.57 60.32 OK
r-release-macos-arm64 0.2.1 29.00 NOTE
r-release-macos-x86_64 0.2.1 40.00 NOTE
r-release-windows-x86_64 0.2.1 60.00 103.00 163.00 OK
r-oldrel-macos-arm64 0.2.1 28.00 NOTE
r-oldrel-macos-x86_64 0.2.1 48.00 NOTE
r-oldrel-windows-ix86+x86_64 0.2.1 74.00 102.00 176.00 OK

Check Details

Version: 0.2.1
Check: dependencies in R code
Result: NOTE
    Namespace in Imports field not imported from: ‘stats’
     All declared Imports should be used.
Flavors: r-devel-linux-x86_64-fedora-clang, r-devel-linux-x86_64-fedora-gcc, r-release-macos-arm64, r-release-macos-x86_64, r-oldrel-macos-arm64, r-oldrel-macos-x86_64