CRAN Package Check Results for Package RcmdrPlugin.temis

Last updated on 2022-06-29 04:56:03 CEST.

Flavor Version Tinstall Tcheck Ttotal Status Flags
r-devel-linux-x86_64-debian-clang 0.7.10 27.44 190.90 218.34 NOTE
r-devel-linux-x86_64-debian-gcc 0.7.10 21.74 138.76 160.50 NOTE
r-devel-linux-x86_64-fedora-clang 0.7.10 273.86 NOTE
r-devel-linux-x86_64-fedora-gcc 0.7.10 275.30 NOTE
r-devel-windows-x86_64 0.7.10 107.00 215.00 322.00 NOTE
r-patched-linux-x86_64 0.7.10 43.76 215.08 258.84 NOTE
r-release-linux-x86_64 0.7.10 34.23 211.37 245.60 NOTE
r-release-macos-arm64 0.7.10 127.00 NOTE
r-release-macos-x86_64 0.7.10 307.00 NOTE
r-release-windows-x86_64 0.7.10 100.00 208.00 308.00 NOTE
r-oldrel-macos-arm64 0.7.10 146.00 NOTE
r-oldrel-macos-x86_64 0.7.10 191.00 NOTE
r-oldrel-windows-ix86+x86_64 0.7.10 53.00 197.00 250.00 NOTE

Check Details

Version: 0.7.10
Check: package dependencies
Result: NOTE
    Package suggested but not available for checking: 'ROpenOffice'
Flavors: r-devel-linux-x86_64-debian-clang, r-devel-linux-x86_64-debian-gcc, r-devel-linux-x86_64-fedora-clang, r-devel-linux-x86_64-fedora-gcc, r-devel-windows-x86_64, r-patched-linux-x86_64, r-release-linux-x86_64, r-release-macos-arm64, r-release-macos-x86_64, r-release-windows-x86_64, r-oldrel-macos-x86_64, r-oldrel-windows-ix86+x86_64

Version: 0.7.10
Check: package dependencies
Result: NOTE
    Packages suggested but not available for checking: 'ROpenOffice', 'RODBC'
Flavor: r-oldrel-macos-arm64