Last updated on 2023-01-30 04:52:31 CET.
Flavor | Version | Tinstall | Tcheck | Ttotal | Status | Flags |
---|---|---|---|---|---|---|
r-devel-linux-x86_64-debian-clang | 2.6.0 | 199.17 | 176.41 | 375.58 | OK | |
r-devel-linux-x86_64-debian-gcc | 2.6.0 | 158.77 | 138.41 | 297.18 | NOTE | |
r-devel-linux-x86_64-fedora-clang | 2.6.0 | 579.58 | OK | |||
r-devel-linux-x86_64-fedora-gcc | 2.6.0 | 487.06 | NOTE | |||
r-devel-windows-x86_64 | 2.6.0 | 317.00 | 294.00 | 611.00 | NOTE | |
r-patched-linux-x86_64 | 2.6.0 | 171.76 | 169.32 | 341.08 | OK | |
r-release-linux-x86_64 | 2.6.0 | 172.25 | 167.22 | 339.47 | OK | |
r-release-macos-arm64 | 2.6.0 | 132.00 | NOTE | |||
r-release-macos-x86_64 | 2.6.0 | 202.00 | NOTE | |||
r-release-windows-x86_64 | 2.6.0 | 289.00 | 293.00 | 582.00 | OK | |
r-oldrel-macos-arm64 | 2.6.0 | 129.00 | NOTE | |||
r-oldrel-macos-x86_64 | 2.6.0 | 214.00 | NOTE | |||
r-oldrel-windows-ix86+x86_64 | 2.6.0 | 498.00 | 408.00 | 906.00 | NOTE |
Version: 2.6.0
Check: C++ specification
Result: NOTE
Specified C++11: please update to current default of C++17
Flavors: r-devel-linux-x86_64-debian-gcc, r-devel-linux-x86_64-fedora-gcc, r-devel-windows-x86_64
Version: 2.6.0
Check: installed package size
Result: NOTE
installed size is 17.0Mb
sub-directories of 1Mb or more:
libs 15.2Mb
Flavors: r-release-macos-arm64, r-release-macos-x86_64, r-oldrel-macos-arm64, r-oldrel-macos-x86_64, r-oldrel-windows-ix86+x86_64