CRAN Package Check Results for Package RcppBigIntAlgos

Last updated on 2022-11-26 03:58:16 CET.

Flavor Version Tinstall Tcheck Ttotal Status Flags
r-devel-linux-x86_64-debian-clang 1.0.1 102.86 89.44 192.30 OK
r-devel-linux-x86_64-debian-gcc 1.0.1 80.53 74.87 155.40 OK
r-devel-linux-x86_64-fedora-clang 1.0.1 292.34 OK
r-devel-linux-x86_64-fedora-gcc 1.0.1 273.58 OK
r-devel-windows-x86_64 1.0.1 95.00 128.00 223.00 OK
r-patched-linux-x86_64 1.0.1 OK
r-release-linux-x86_64 1.0.1 83.42 91.34 174.76 OK
r-release-macos-arm64 1.0.1 66.00 NOTE
r-release-macos-x86_64 1.0.1 85.00 NOTE
r-release-windows-x86_64 1.0.1 109.00 135.00 244.00 OK
r-oldrel-macos-arm64 1.0.1 76.00 NOTE
r-oldrel-macos-x86_64 1.0.1 102.00 NOTE
r-oldrel-windows-ix86+x86_64 1.0.1 248.00 204.00 452.00 OK

Check Details

Version: 1.0.1
Check: installed package size
Result: NOTE
     installed size is 6.0Mb
     sub-directories of 1Mb or more:
     libs 5.7Mb
Flavors: r-release-macos-arm64, r-release-macos-x86_64, r-oldrel-macos-arm64, r-oldrel-macos-x86_64

Version: 1.0.1
Check: package dependencies
Result: NOTE
    Package suggested but not available for checking: ‘RcppAlgos’
Flavor: r-release-macos-x86_64

Version: 1.0.1
Check: Rd cross-references
Result: NOTE
    Package unavailable to check Rd xrefs: ‘RcppAlgos’
Flavor: r-release-macos-x86_64