CRAN Package Check Results for Package RcppML

Last updated on 2022-08-17 04:50:50 CEST.

Flavor Version Tinstall Tcheck Ttotal Status Flags
r-devel-linux-x86_64-debian-clang 0.3.7 50.96 80.59 131.55 OK
r-devel-linux-x86_64-debian-gcc 0.3.7 OK
r-devel-linux-x86_64-fedora-clang 0.3.7 173.59 OK
r-devel-linux-x86_64-fedora-gcc 0.3.7 175.18 OK
r-devel-windows-x86_64 0.3.7 40.00 128.00 168.00 OK
r-patched-linux-x86_64 0.3.7 46.47 76.97 123.44 OK
r-release-linux-x86_64 0.3.7 43.93 77.54 121.47 OK
r-release-macos-arm64 0.3.7 46.00 NOTE
r-release-macos-x86_64 0.3.7 64.00 NOTE
r-release-windows-x86_64 0.3.7 54.00 132.00 186.00 OK
r-oldrel-macos-arm64 0.3.7 43.00 NOTE
r-oldrel-macos-x86_64 0.3.7 61.00 NOTE
r-oldrel-windows-ix86+x86_64 0.3.7 107.00 144.00 251.00 OK

Check Details

Version: 0.3.7
Check: installed package size
Result: NOTE
     installed size is 8.2Mb
     sub-directories of 1Mb or more:
     libs 8.0Mb
Flavors: r-release-macos-arm64, r-release-macos-x86_64, r-oldrel-macos-arm64, r-oldrel-macos-x86_64