Last updated on 2022-07-04 04:54:32 CEST.
Flavor | Version | Tinstall | Tcheck | Ttotal | Status | Flags |
---|---|---|---|---|---|---|
r-devel-linux-x86_64-debian-clang | 0.2.1 | 21.61 | 53.74 | 75.35 | NOTE | |
r-devel-linux-x86_64-debian-gcc | 0.2.1 | 18.51 | 40.98 | 59.49 | NOTE | |
r-devel-linux-x86_64-fedora-clang | 0.2.1 | 122.78 | NOTE | |||
r-devel-linux-x86_64-fedora-gcc | 0.2.1 | 124.06 | NOTE | |||
r-devel-windows-x86_64 | 0.2.1 | 33.00 | 127.00 | 160.00 | OK | |
r-patched-linux-x86_64 | 0.2.1 | 19.77 | 53.87 | 73.64 | NOTE | |
r-release-linux-x86_64 | 0.2.1 | 21.99 | 53.23 | 75.22 | NOTE | |
r-release-macos-arm64 | 0.2.1 | 37.00 | OK | |||
r-release-macos-x86_64 | 0.2.1 | 59.00 | NOTE | |||
r-release-windows-x86_64 | 0.2.1 | 24.00 | 117.00 | 141.00 | OK | |
r-oldrel-macos-arm64 | 0.2.1 | 37.00 | OK | |||
r-oldrel-macos-x86_64 | 0.2.1 | 73.00 | OK | |||
r-oldrel-windows-ix86+x86_64 | 0.2.1 | 50.00 | 118.00 | 168.00 | OK |
Version: 0.2.1
Check: package dependencies
Result: NOTE
Package suggested but not available for checking: 'rredis'
Flavors: r-devel-linux-x86_64-debian-clang, r-devel-linux-x86_64-debian-gcc, r-devel-linux-x86_64-fedora-clang, r-devel-linux-x86_64-fedora-gcc, r-patched-linux-x86_64, r-release-linux-x86_64, r-release-macos-x86_64