CRAN Package Check Results for Package Rcssplot

Last updated on 2024-06-21 04:56:52 CEST.

Flavor Version Tinstall Tcheck Ttotal Status Flags
r-devel-linux-x86_64-debian-clang 1.0.0 3.32 43.18 46.50 NOTE
r-devel-linux-x86_64-debian-gcc 1.0.0 2.91 32.82 35.73 NOTE
r-devel-linux-x86_64-fedora-clang 1.0.0 61.07 NOTE
r-devel-linux-x86_64-fedora-gcc 1.0.0 70.33 NOTE
r-devel-windows-x86_64 1.0.0 5.00 72.00 77.00 NOTE
r-patched-linux-x86_64 1.0.0 4.44 41.91 46.35 NOTE
r-release-linux-x86_64 1.0.0 3.40 40.96 44.36 NOTE
r-release-macos-arm64 1.0.0 26.00 NOTE
r-release-macos-x86_64 1.0.0 37.00 WARN
r-release-windows-x86_64 1.0.0 4.00 72.00 76.00 NOTE
r-oldrel-macos-arm64 1.0.0 26.00 NOTE
r-oldrel-macos-x86_64 1.0.0 37.00 NOTE
r-oldrel-windows-x86_64 1.0.0 5.00 72.00 77.00 NOTE

Check Details

Version: 1.0.0
Check: LazyData
Result: NOTE 'LazyData' is specified without a 'data' directory Flavors: r-devel-linux-x86_64-debian-clang, r-devel-linux-x86_64-debian-gcc, r-devel-linux-x86_64-fedora-clang, r-devel-linux-x86_64-fedora-gcc, r-devel-windows-x86_64, r-patched-linux-x86_64, r-release-linux-x86_64, r-release-macos-arm64, r-release-macos-x86_64, r-release-windows-x86_64, r-oldrel-macos-arm64, r-oldrel-macos-x86_64, r-oldrel-windows-x86_64

Version: 1.0.0
Check: re-building of vignette outputs
Result: WARN Error(s) in re-building vignettes: ... --- re-building ‘Rcssplot.Rnw’ using knitr Error: processing vignette 'Rcssplot.Rnw' failed with diagnostics: Running 'texi2dvi' on 'Rcssplot.tex' failed. LaTeX errors: ! Undefined control sequence. l.100 \hldef {a} \hlkwb{<-} \hlkwd{setNames}\hldef{(}\hlkwd{c}\hldef{(}\hlnum... ? ! Emergency stop. l.100 End of file on the terminal! ! ==> Fatal error occurred, no output PDF file produced! --- failed re-building ‘Rcssplot.Rnw’ SUMMARY: processing the following file failed: ‘Rcssplot.Rnw’ Error: Vignette re-building failed. Execution halted Flavor: r-release-macos-x86_64