CRAN Package Check Results for Package Rdimtools

Last updated on 2022-12-03 03:57:18 CET.

Flavor Version Tinstall Tcheck Ttotal Status Flags
r-devel-linux-x86_64-debian-clang 1.1.1 294.01 262.93 556.94 OK
r-devel-linux-x86_64-debian-gcc 1.1.1 231.42 196.42 427.84 OK
r-devel-linux-x86_64-fedora-clang 1.1.1 822.51 NOTE
r-devel-linux-x86_64-fedora-gcc 1.1.1 800.81 OK
r-devel-windows-x86_64 1.1.1 352.00 389.00 741.00 NOTE
r-patched-linux-x86_64 1.1.1 243.47 241.31 484.78 OK
r-release-linux-x86_64 1.1.1 247.40 239.48 486.88 OK
r-release-macos-arm64 1.1.1 168.00 NOTE
r-release-macos-x86_64 1.1.1 226.00 NOTE
r-release-windows-x86_64 1.1.1 312.00 362.00 674.00 NOTE
r-oldrel-macos-arm64 1.1.1 166.00 NOTE
r-oldrel-macos-x86_64 1.1.1 218.00 NOTE
r-oldrel-windows-ix86+x86_64 1.1.1 639.00 427.00 1066.00 NOTE

Check Details

Version: 1.1.1
Check: installed package size
Result: NOTE
     installed size is 5.5Mb
     sub-directories of 1Mb or more:
     data 1.9Mb
     libs 1.8Mb
Flavors: r-devel-linux-x86_64-fedora-clang, r-devel-windows-x86_64, r-release-macos-arm64, r-release-macos-x86_64, r-release-windows-x86_64, r-oldrel-macos-arm64, r-oldrel-macos-x86_64, r-oldrel-windows-ix86+x86_64

Version: 1.1.1
Check: Rd cross-references
Result: NOTE
    Undeclared package ‘Rtsne’ in Rd xrefs
Flavor: r-devel-linux-x86_64-fedora-clang