CRAN Package Check Results for Package ReinforcementLearning

Last updated on 2022-09-25 04:53:05 CEST.

Flavor Version Tinstall Tcheck Ttotal Status Flags
r-devel-linux-x86_64-debian-clang 1.0.5 6.70 54.19 60.89 OK
r-devel-linux-x86_64-debian-gcc 1.0.5 8.19 41.34 49.53 OK
r-devel-linux-x86_64-fedora-clang 1.0.5 84.61 NOTE
r-devel-linux-x86_64-fedora-gcc 1.0.5 85.42 NOTE
r-devel-windows-x86_64 1.0.5 114.00 88.00 202.00 OK
r-patched-linux-x86_64 1.0.5 7.56 51.81 59.37 OK
r-release-linux-x86_64 1.0.5 7.45 51.48 58.93 OK
r-release-macos-arm64 1.0.5 30.00 NOTE
r-release-macos-x86_64 1.0.5 51.00 NOTE
r-release-windows-x86_64 1.0.5 106.00 89.00 195.00 OK
r-oldrel-macos-arm64 1.0.5 35.00 NOTE
r-oldrel-macos-x86_64 1.0.5 52.00 NOTE
r-oldrel-windows-ix86+x86_64 1.0.5 14.00 79.00 93.00 OK

Check Details

Version: 1.0.5
Check: dependencies in R code
Result: NOTE
    Namespace in Imports field not imported from: ‘ggplot2’
     All declared Imports should be used.
Flavors: r-devel-linux-x86_64-fedora-clang, r-devel-linux-x86_64-fedora-gcc, r-release-macos-arm64, r-release-macos-x86_64, r-oldrel-macos-arm64, r-oldrel-macos-x86_64