CRAN Package Check Results for Package Require

Last updated on 2022-09-27 04:50:40 CEST.

Flavor Version Tinstall Tcheck Ttotal Status Flags
r-devel-linux-x86_64-debian-clang 0.0.13 6.59 217.32 223.91 OK
r-devel-linux-x86_64-debian-gcc 0.1.2 5.37 65.18 70.55 OK
r-devel-linux-x86_64-fedora-clang 0.1.2 127.72 OK
r-devel-linux-x86_64-fedora-gcc 0.1.2 254.56 ERROR
r-devel-windows-x86_64 0.1.2 33.00 432.00 465.00 OK
r-patched-linux-x86_64 0.1.2 7.60 296.48 304.08 OK
r-release-linux-x86_64 0.1.2 7.68 88.73 96.41 OK
r-release-macos-arm64 0.1.2 88.00 ERROR
r-release-macos-x86_64 0.1.2 110.00 ERROR
r-release-windows-x86_64 0.1.2 20.00 460.00 480.00 OK
r-oldrel-macos-arm64 0.1.2 69.00 ERROR
r-oldrel-macos-x86_64 0.1.2 116.00 ERROR
r-oldrel-windows-ix86+x86_64 0.1.2 19.00 171.00 190.00 OK

Check Details

Version: 0.1.2
Check: tests
Result: ERROR
     Running ‘test-all.R’ [174s/347s]
    Running the tests in ‘tests/test-all.R’ failed.
    Complete output:
     > library(testit)
     > # optsCRAN <- options(repos = c(CRAN = "https://muug.ca/mirror/cran"))
     > optsCRAN <- options(repos = c(CRAN = "https://cloud.r-project.org"))
     > test_pkg("Require")
     <1b>[32m --------------------------------- Starting test-0pkgSnapshot.R at: 2022-09-23 14:09:34---------------------------<1b>[39m
     Getting dependencies for 18950 packages on CRAN
     ... 16496 of these have recursive dependencies
     <08><08><08><08><08><08><08><08><08><08><08><08><08><08><08> 1 of 16496
     <08><08><08><08><08><08><08><08><08><08><08><08><08><08><08> 2 of 16496
     <08><08><08><08><08><08><08><08><08><08><08><08><08><08><08> 3 of 16496
     <08><08><08><08><08><08><08><08><08><08><08><08><08><08><08> 4 of 16496
     <08><08><08><08><08><08><08><08><08><08><08><08><08><08><08> 5 of 16496
     <08><08><08><08><08><08><08><08><08><08><08><08><08><08><08> 6 of 16496
     <08><08><08><08><08><08><08><08><08><08><08><08><08><08><08> 7 of 16496
     <08><08><08><08><08><08><08><08><08><08><08><08><08><08><08> 8 of 16496
     <08><08><08><08><08><08><08><08><08><08><08><08><08><08><08> 9 of 16496
     <08><08><08><08><08><08><08><08><08><08><08><08><08><08><08> 10 of 16496
     <08><08><08><08><08><08><08><08><08><08><08><08><08><08><08> 11 of 16496
     <08><08><08><08><08><08><08><08><08><08><08><08><08><08><08> 12 of 16496
     <08><08><08><08><08><08><08><08><08><08><08><08><08><08><08> 13 of 16496
     <08><08><08><08><08><08><08><08><08><08><08><08><08><08><08> 14 of 16496
     <08><08><08><08><08><08><08><08><08><08><08><08><08><08><08> 15 of 16496
     <08><08><08><08><08><08><08><08><08><08><08><08><08><08><08> 16 of 16496
     <08><08><08><08><08><08><08><08><08><08><08><08><08><08><08> 17 of 16496
     <08><08><08><08><08><08><08><08><08><08><08><08><08><08><08> 18 of 16496
     <08><08><08><08><08><08><08><08><08><08><08><08><08><08><08> 19 of 16496
     <08><08><08><08><08><08><08><08><08><08><08><08><08><08><08> 20 of 16496
     <08><08><08><08><08><08><08><08><08><08><08><08><08><08><08> 21 of 16496
     <08><08><08><08><08><08><08><08><08><08><08><08><08><08><08> 22 of 16496
     <08><08><08><08><08><08><08><08><08><08><08><08><08><08><08> 23 of 16496
     <08><08><08><08><08><08><08><08><08><08><08><08><08><08><08> 24 of 16496
     <08><08><08><08><08><08><08><08><08><08><08><08><08><08><08> 25 of 16496
     <08><08><08><08><08><08><08><08><08><08><08><08><08><08><08> 26 of 16496
     <08><08><08><08><08><08><08><08><08><08><08><08><08><08><08> 27 of 16496
     <08><08><08><08><08><08><08><08><08><08><08><08><08><08><08> 28 of 16496
     <08><08><08><08><08><08><08><08><08><08><08><08><08><08><08> 29 of 16496
     <08><08><08><08><08><08><08><08><08><08><08><08><08><08><08> 30 of 16496
     <08><08><08><08><08><08><08><08><08><08><08><08><08><08><08> 31 of 16496
     <08><08><08><08><08><08><08><08><08><08><08><08><08><08><08> 32 of 16496
     <08><08><08><08><08><08><08><08><08><08><08><08><08><08><08> 33 of 16496
     <08><08><08><08><08><08><08><08><08><08><08><08><08><08><08> 34 of 16496
     <08><08><08><08><08><08><08><08><08><08><08><08><08><08><08> 35 of 16496
     <08><08><08><08><08><08><08><08><08><08><08><08><08><08><08> 36 of 16496
     <08><08><08><08><08><08><08><08><08><08><08><08><08><08><08> 37 of 16496
     <08><08><08><08><08><08><08><08><08><08><08><08><08><08><08> 38 of 16496
     <08><08><08><08><08><08><08><08><08><08><08><08><08><08><08> 39 of 16496
     <08><08><08><08><08><08><08><08><08><08><08><08><08><08><08> 40 of 16496
     <08><08><08><08><08><08><08><08><08><08><08><08><08><08><08> 41 of 16496
     <08><08><08><08><08><08><08><08><08><08><08><08><08><08><08> 42 of 16496
     <08><08><08><08><08><08><08><08><08><08><08><08><08><08><08> 43 of 16496
     <08><08><08><08><08><08><08><08><08><08><08><08><08><08><08> 44 of 16496
     <08><08><08><08><08><08><08><08><08><08><08><08><08><08><08> 45 of 16496
     <08><08><08><08><08><08><08><08><08><08><08><08><08><08><08> 46 of 16496
     <08><08><08><08><08><08><08><08><08><08><08><08><08><08><08> 47 of 16496
     <08><08><08><08><08><08><08><08><08><08><08><08><08><08><08> 48 of 16496
     <08><08><08><08><08><08><08><08><08><08><08><08><08><08><08> 49 of 16496
     <08><08><08><08><08><08><08><08><08><08><08><08><08><08><08> 50 of 16496
     <08><08><08><08><08><08><08><08><08><08><08><08><08><08><08> 51 of 16496
     <08><08><08><08><08><08><08><08><08><08><08><08><08><08><08> 52 of 16496
     <08><08><08><08><08><08><08><08><08><08><08><08><08><08><08> 53 of 16496
     <08><08><08><08><08><08><08><08><08><08><08><08><08><08><08> 54 of 16496
     <08><08><08><08><08><08><08><08><08><08><08><08><08><08><08> 55 of 16496
     <08><08><08><08><08><08><08><08><08><08><08><08><08><08><08> 56 of 16496
     <08><08><08><08><08><08><08><08><08><08><08><08><08><08><08> 57 of 16496
     <08><08><08><08><08><08><08><08><08><08><08><08><08><08><08> 58 of 16496
     <08><08><08><08><08><08><08><08><08><08><08><08><08><08><08> 59 of 16496
     <08><08><08><08><08><08><08><08><08><08><08><08><08><08><08> 60 of 16496
     <08><08><08><08><08><08><08><08><08><08><08><08><08><08><08> 61 of 16496
     <08><08><08><08><08><08><08><08><08><08><08><08><08><08><08> 62 of 16496
     <08><08><08><08><08><08><08><08><08><08><08><08><08><08><08> 63 of 16496
     <08><08><08><08><08><08><08><08><08><08><08><08><08><08><08> 64 of 16496
     <08><08><08><08><08><08><08><08><08><08><08><08><08><08><08> 65 of 16496
     <08><08><08><08><08><08><08><08><08><08><08><08><08><08><08> 66 of 16496
     <08><08><08><08><08><08><08><08><08><08><08><08><08><08><08> 67 of 16496
     <08><08><08><08><08><08><08><08><08><08><08><08><08><08><08> 68 of 16496
     <08><08><08><08><08><08><08><08><08><08><08><08><08><08><08> 69 of 16496
     <08><08><08><08><08><08><08><08><08><08><08><08><08><08><08> 70 of 16496
     <08><08><08><08><08><08><08><08><08><08><08><08><08><08><08> 71 of 16496
     <08><08><08><08><08><08><08><08><08><08><08><08><08><08><08> 72 of 16496
     <08><08><08><08><08><08><08><08><08><08><08><08><08><08><08> 73 of 16496
     <08><08><08><08><08><08><08><08><08><08><08><08><08><08><08> 74 of 16496
     <08><08><08><08><08><08><08><08><08><08><08><08><08><08><08> 75 of 16496
     <08><08><08><08><08><08><08><08><08><08><08><08><08><08><08> 76 of 16496
     <08><08><08><08><08><08><08><08><08><08><08><08><08><08><08> 77 of 16496
     <08><08><08><08><08><08><08><08><08><08><08><08><08><08><08> 78 of 16496
     <08><08><08><08><08><08><08><08><08><08><08><08><08><08><08> 79 of 16496
     <08><08><08><08><08><08><08><08><08><08><08><08><08><08><08> 80 of 16496
     <08><08><08><08><08><08><08><08><08><08><08><08><08><08><08> 81 of 16496
     <08><08><08><08><08><08><08><08><08><08><08><08><08><08><08> 82 of 16496
     <08><08><08><08><08><08><08><08><08><08><08><08><08><08><08> 83 of 16496
     <08><08><08><08><08><08><08><08><08><08><08><08><08><08><08> 84 of 16496
     <08><08><08><08><08><08><08><08><08><08><08><08><08><08><08> 85 of 16496
     <08><08><08><08><08><08><08><08><08><08><08><08><08><08><08> 86 of 16496
     <08><08><08><08><08><08><08><08><08><08><08><08><08><08><08> 87 of 16496
     <08><08><08><08><08><08><08><08><08><08><08><08><08><08><08> 88 of 16496
     <08><08><08><08><08><08><08><08><08><08><08><08><08><08><08> 89 of 16496
     <08><08><08><08><08><08><08><08><08><08><08><08><08><08><08> 90 of 16496
     <08><08><08><08><08><08><08><08><08><08><08><08><08><08><08> 91 of 16496
     <08><08><08><08><08><08><08><08><08><08><08><08><08><08><08> 92 of 16496
     <08><08><08><08><08><08><08><08><08><08><08><08><08><08><08> 93 of 16496
     <08><08><08><08><08><08><08><08><08><08><08><08><08><08><08> 94 of 16496
     <08><08><08><08><08><08><08><08><08><08><08><08><08><08><08> 95 of 16496
     <08><08><08><08><08><08><08><08><08><08><08><08><08><08><08> 96 of 16496
     <08><08><08><08><08><08><08><08><08><08><08><08><08><08><08> 97 of 16496
     <08><08><08><08><08><08><08><08><08><08><08><08><08><08><08> 98 of 16496
     <08><08><08><08><08><08><08><08><08><08><08><08><08><08><08> 99 of 16496
     <08><08><08><08><08><08><08><08><08><08><08><08><08><08><08> 100 of 16496
     <08><08><08><08><08><08><08><08><08><08><08><08><08><08><08> 101 of 16496
     <08><08><08><08><08><08><08><08><08><08><08><08><08><08><08> 102 of 16496
     <08><08><08><08><08><08><08><08><08><08><08><08><08><08><08> 103 of 16496
     <08><08><08><08><08><08><08><08><08><08><08><08><08><08><08> 104 of 16496
     <08><08><08><08><08><08><08><08><08><08><08><08><08><08><08> 105 of 16496
     <08><08><08><08><08><08><08><08><08><08><08><08><08><08><08> 106 of 16496
     <08><08><08><08><08><08><08><08><08><08><08><08><08><08><08> 107 of 16496
     <08><08><08><08><08><08><08><08><08><08><08><08><08><08><08> 108 of 16496
     <08><08><08><08><08><08><08><08><08><08><08><08><08><08><08> 109 of 16496
     <08><08><08><08><08><08><08><08><08><08><08><08><08><08><08> 110 of 16496
     <08><08><08><08><08><08><08><08><08><08><08><08><08><08><08> 111 of 16496
     <08><08><08><08><08><08><08><08><08><08><08><08><08><08><08> 112 of 16496
     <08><08><08><08><08><08><08><08><08><08><08><08><08><08><08> 113 of 16496
     <08><08><08><08><08><08><08><08><08><08><08><08><08><08><08> 114 of 16496
     <08><08><08><08><08><08><08><08><08><08><08><08><08><08><08> 115 of 16496
     <08><08><08><08><08><08><08><08><08><08><08><08><08><08><08> 116 of 16496
     <08><08><08><08><08><08><08><08><08><08><08><08><08><08><08> 117 of 16496
     <08><08><08><08><08><08><08><08><08><08><08><08><08><08><08> 118 of 16496
     <08><08><08><08><08><08><08><08><08><08><08><08><08><08><08> 119 of 16496
     <08><08><08><08><08><08><08><08><08><08><08><08><08><08><08> 120 of 16496
     <08><08><08><08><08><08><08><08><08><08><08><08><08><08><08> 121 of 16496
     Error from package_version(dt1$versionSpec)
     Error: invalid version specification '6.0-78 '
     Execution halted
Flavor: r-devel-linux-x86_64-fedora-gcc

Version: 0.1.2
Check: tests
Result: ERROR
     Running ‘test-all.R’ [47s/63s]
    Running the tests in ‘tests/test-all.R’ failed.
    Last 13 lines of output:
     <08><08><08><08><08><08><08><08><08><08><08><08><08><08><08> 115 of 17790
     <08><08><08><08><08><08><08><08><08><08><08><08><08><08><08> 116 of 17790
     <08><08><08><08><08><08><08><08><08><08><08><08><08><08><08> 117 of 17790
     <08><08><08><08><08><08><08><08><08><08><08><08><08><08><08> 118 of 17790
     <08><08><08><08><08><08><08><08><08><08><08><08><08><08><08> 119 of 17790
     <08><08><08><08><08><08><08><08><08><08><08><08><08><08><08> 120 of 17790
     <08><08><08><08><08><08><08><08><08><08><08><08><08><08><08> 121 of 17790
     <08><08><08><08><08><08><08><08><08><08><08><08><08><08><08> 122 of 17790
     <08><08><08><08><08><08><08><08><08><08><08><08><08><08><08> 123 of 17790
     <08><08><08><08><08><08><08><08><08><08><08><08><08><08><08> 124 of 17790
     <08><08><08><08><08><08><08><08><08><08><08><08><08><08><08> 125 of 17790
     <08><08><08><08><08><08><08><08><08><08><08><08><08><08><08> 126 of 17790
     Error from package_version(dt1$versionSpec)
     Error: invalid version specification '6.0-78 '
     Execution halted
Flavor: r-release-macos-arm64

Version: 0.1.2
Check: tests
Result: ERROR
     Running ‘test-all.R’ [67s/79s]
    Running the tests in ‘tests/test-all.R’ failed.
    Last 13 lines of output:
     <08><08><08><08><08><08><08><08><08><08><08><08><08><08><08> 114 of 17467
     <08><08><08><08><08><08><08><08><08><08><08><08><08><08><08> 115 of 17467
     <08><08><08><08><08><08><08><08><08><08><08><08><08><08><08> 116 of 17467
     <08><08><08><08><08><08><08><08><08><08><08><08><08><08><08> 117 of 17467
     <08><08><08><08><08><08><08><08><08><08><08><08><08><08><08> 118 of 17467
     <08><08><08><08><08><08><08><08><08><08><08><08><08><08><08> 119 of 17467
     <08><08><08><08><08><08><08><08><08><08><08><08><08><08><08> 120 of 17467
     <08><08><08><08><08><08><08><08><08><08><08><08><08><08><08> 121 of 17467
     <08><08><08><08><08><08><08><08><08><08><08><08><08><08><08> 122 of 17467
     <08><08><08><08><08><08><08><08><08><08><08><08><08><08><08> 123 of 17467
     <08><08><08><08><08><08><08><08><08><08><08><08><08><08><08> 124 of 17467
     <08><08><08><08><08><08><08><08><08><08><08><08><08><08><08> 125 of 17467
     Error from package_version(dt1$versionSpec)
     Error: invalid version specification '6.0-78 '
     Execution halted
Flavor: r-release-macos-x86_64

Version: 0.1.2
Check: tests
Result: ERROR
     Running ‘test-all.R’ [43s/56s]
    Running the tests in ‘tests/test-all.R’ failed.
    Last 13 lines of output:
     <08><08><08><08><08><08><08><08><08><08><08><08><08><08><08> 119 of 18114
     <08><08><08><08><08><08><08><08><08><08><08><08><08><08><08> 120 of 18114
     <08><08><08><08><08><08><08><08><08><08><08><08><08><08><08> 121 of 18114
     <08><08><08><08><08><08><08><08><08><08><08><08><08><08><08> 122 of 18114
     <08><08><08><08><08><08><08><08><08><08><08><08><08><08><08> 123 of 18114
     <08><08><08><08><08><08><08><08><08><08><08><08><08><08><08> 124 of 18114
     <08><08><08><08><08><08><08><08><08><08><08><08><08><08><08> 125 of 18114
     <08><08><08><08><08><08><08><08><08><08><08><08><08><08><08> 126 of 18114
     <08><08><08><08><08><08><08><08><08><08><08><08><08><08><08> 127 of 18114
     <08><08><08><08><08><08><08><08><08><08><08><08><08><08><08> 128 of 18114
     <08><08><08><08><08><08><08><08><08><08><08><08><08><08><08> 129 of 18114
     <08><08><08><08><08><08><08><08><08><08><08><08><08><08><08> 130 of 18114
     Error from package_version(dt1$versionSpec)
     Error: invalid version specification '6.0-78 '
     Execution halted
Flavor: r-oldrel-macos-arm64

Version: 0.1.2
Check: tests
Result: ERROR
     Running ‘test-all.R’ [67s/80s]
    Running the tests in ‘tests/test-all.R’ failed.
    Last 13 lines of output:
     <08><08><08><08><08><08><08><08><08><08><08><08><08><08><08> 120 of 18178
     <08><08><08><08><08><08><08><08><08><08><08><08><08><08><08> 121 of 18178
     <08><08><08><08><08><08><08><08><08><08><08><08><08><08><08> 122 of 18178
     <08><08><08><08><08><08><08><08><08><08><08><08><08><08><08> 123 of 18178
     <08><08><08><08><08><08><08><08><08><08><08><08><08><08><08> 124 of 18178
     <08><08><08><08><08><08><08><08><08><08><08><08><08><08><08> 125 of 18178
     <08><08><08><08><08><08><08><08><08><08><08><08><08><08><08> 126 of 18178
     <08><08><08><08><08><08><08><08><08><08><08><08><08><08><08> 127 of 18178
     <08><08><08><08><08><08><08><08><08><08><08><08><08><08><08> 128 of 18178
     <08><08><08><08><08><08><08><08><08><08><08><08><08><08><08> 129 of 18178
     <08><08><08><08><08><08><08><08><08><08><08><08><08><08><08> 130 of 18178
     <08><08><08><08><08><08><08><08><08><08><08><08><08><08><08> 131 of 18178
     Error from package_version(dt1$versionSpec)
     Error: invalid version specification '6.0-78 '
     Execution halted
Flavor: r-oldrel-macos-x86_64