CRAN Package Check Results for Package Rfast2

Last updated on 2022-09-30 04:59:19 CEST.

Flavor Version Tinstall Tcheck Ttotal Status Flags
r-devel-linux-x86_64-debian-clang 0.1.3 550.53 80.12 630.65 NOTE
r-devel-linux-x86_64-debian-gcc 0.1.3 406.60 59.52 466.12 NOTE
r-devel-linux-x86_64-fedora-clang 0.1.3 916.92 NOTE
r-devel-linux-x86_64-fedora-gcc 0.1.3 818.68 NOTE
r-devel-windows-x86_64 0.1.3 363.00 156.00 519.00 NOTE
r-patched-linux-x86_64 0.1.3 448.60 75.04 523.64 OK
r-release-linux-x86_64 0.1.3 439.82 73.65 513.47 OK
r-release-macos-arm64 0.1.3 184.00 NOTE
r-release-macos-x86_64 0.1.3 221.00 NOTE
r-release-windows-x86_64 0.1.3 361.00 157.00 518.00 OK
r-oldrel-macos-arm64 0.1.3 166.00 NOTE
r-oldrel-macos-x86_64 0.1.3 217.00 NOTE
r-oldrel-windows-ix86+x86_64 0.1.3 1199.00 140.00 1339.00 NOTE

Check Details

Version: 0.1.3
Check: Rd files
Result: NOTE
    checkRd: (-1) boot.james.Rd:47: Escaped LaTeX specials: \&
    checkRd: (-1) boot.student2.Rd:41: Escaped LaTeX specials: \&
    checkRd: (-1) coljack.means.Rd:32: Escaped LaTeX specials: \&
    checkRd: (-1) collognorm.mle.Rd:69: Escaped LaTeX specials: \&
    checkRd: (-1) collognorm.mle.Rd:71: Escaped LaTeX specials: \&
    checkRd: (-1) fipois.reg.Rd:66: Escaped LaTeX specials: \&
    checkRd: (-1) halfcauchy.mle.Rd:46: Escaped LaTeX specials: \&
    checkRd: (-1) halfcauchy.mle.Rd:48: Escaped LaTeX specials: \&
    checkRd: (-1) jack.mean.Rd:30: Escaped LaTeX specials: \&
    checkRd: (-1) lm.parboot.Rd:37: Escaped LaTeX specials: \&
    checkRd: (-1) multivm.mle.Rd:62: Escaped LaTeX specials: \&
Flavors: r-devel-linux-x86_64-debian-clang, r-devel-linux-x86_64-debian-gcc, r-devel-linux-x86_64-fedora-clang, r-devel-linux-x86_64-fedora-gcc, r-devel-windows-x86_64

Version: 0.1.3
Check: installed package size
Result: NOTE
     installed size is 20.9Mb
     sub-directories of 1Mb or more:
     libs 20.2Mb
Flavors: r-release-macos-arm64, r-release-macos-x86_64, r-oldrel-macos-arm64, r-oldrel-macos-x86_64, r-oldrel-windows-ix86+x86_64