Last updated on 2022-08-07 04:53:47 CEST.
Flavor | Version | Tinstall | Tcheck | Ttotal | Status | Flags |
---|---|---|---|---|---|---|
r-devel-linux-x86_64-debian-clang | 0.1.4 | 339.09 | 237.35 | 576.44 | NOTE | |
r-devel-linux-x86_64-debian-gcc | 0.1.4 | 261.71 | 179.08 | 440.79 | NOTE | |
r-devel-linux-x86_64-fedora-clang | 0.1.4 | 794.23 | NOTE | |||
r-devel-linux-x86_64-fedora-gcc | 0.1.4 | 750.19 | NOTE | |||
r-devel-windows-x86_64 | 0.1.4 | 467.00 | 298.00 | 765.00 | NOTE | |
r-patched-linux-x86_64 | 0.1.4 | 275.12 | 221.40 | 496.52 | OK | |
r-release-linux-x86_64 | 0.1.4 | 258.19 | 222.84 | 481.03 | OK | |
r-release-macos-arm64 | 0.1.4 | 171.00 | NOTE | |||
r-release-macos-x86_64 | 0.1.4 | 261.00 | NOTE | |||
r-release-windows-x86_64 | 0.1.4 | 260.00 | 294.00 | 554.00 | OK | |
r-oldrel-macos-arm64 | 0.1.4 | 142.00 | NOTE | |||
r-oldrel-macos-x86_64 | 0.1.4 | 199.00 | NOTE | |||
r-oldrel-windows-ix86+x86_64 | 0.1.4 | 741.00 | 387.00 | 1128.00 | NOTE |
Version: 0.1.4
Check: Rd files
Result: NOTE
checkRd: (-1) acg.Rd:72: Escaped LaTeX specials: \&
checkRd: (-1) gorilla.Rd:41: Escaped LaTeX specials: \&
checkRd: (-1) grassmann.utest.Rd:63: Escaped LaTeX specials: \&
checkRd: (-1) macg.Rd:71: Escaped LaTeX specials: \&
checkRd: (-1) sphere.utest.Rd:47: Escaped LaTeX specials: \&
checkRd: (-1) stiefel.utest.Rd:64: Escaped LaTeX specials: \&
checkRd: (-1) wrap.landmark.Rd:41: Escaped LaTeX specials: \&
Flavors: r-devel-linux-x86_64-debian-clang, r-devel-linux-x86_64-debian-gcc, r-devel-linux-x86_64-fedora-clang, r-devel-linux-x86_64-fedora-gcc, r-devel-windows-x86_64
Version: 0.1.4
Check: installed package size
Result: NOTE
installed size is 15.2Mb
sub-directories of 1Mb or more:
data 1.6Mb
libs 12.8Mb
Flavors: r-devel-linux-x86_64-fedora-clang, r-release-macos-arm64, r-release-macos-x86_64, r-oldrel-macos-arm64, r-oldrel-macos-x86_64, r-oldrel-windows-ix86+x86_64