CRAN Package Check Results for Package Rlinkedin

Last updated on 2022-11-27 03:57:58 CET.

Flavor Version Tinstall Tcheck Ttotal Status Flags
r-devel-linux-x86_64-debian-clang 0.2 6.25 47.54 53.79 NOTE
r-devel-linux-x86_64-debian-gcc 0.2 4.44 37.65 42.09 NOTE
r-devel-linux-x86_64-fedora-clang 0.2 79.03 NOTE
r-devel-linux-x86_64-fedora-gcc 0.2 75.35 NOTE
r-devel-windows-x86_64 0.2 16.00 87.00 103.00 NOTE
r-patched-linux-x86_64 0.2 5.63 46.64 52.27 NOTE
r-release-linux-x86_64 0.2 4.55 47.39 51.94 NOTE
r-release-macos-arm64 0.2 23.00 NOTE
r-release-macos-x86_64 0.2 33.00 NOTE
r-release-windows-x86_64 0.2 20.00 99.00 119.00 NOTE
r-oldrel-macos-arm64 0.2 25.00 NOTE
r-oldrel-macos-x86_64 0.2 36.00 NOTE
r-oldrel-windows-ix86+x86_64 0.2 13.00 75.00 88.00 NOTE

Check Details

Version: 0.2
Check: LazyData
Result: NOTE
     'LazyData' is specified without a 'data' directory
Flavors: r-devel-linux-x86_64-debian-clang, r-devel-linux-x86_64-debian-gcc, r-devel-linux-x86_64-fedora-clang, r-devel-linux-x86_64-fedora-gcc, r-devel-windows-x86_64, r-patched-linux-x86_64, r-release-linux-x86_64, r-release-macos-arm64, r-release-macos-x86_64, r-release-windows-x86_64, r-oldrel-macos-arm64, r-oldrel-macos-x86_64, r-oldrel-windows-ix86+x86_64