CRAN Package Check Results for Package Rmixmod

Last updated on 2022-12-09 04:00:55 CET.

Flavor Version Tinstall Tcheck Ttotal Status Flags
r-devel-linux-x86_64-debian-clang 2.1.7 507.59 71.10 578.69 OK
r-devel-linux-x86_64-debian-gcc 2.1.7 438.03 90.02 528.05 OK
r-devel-linux-x86_64-fedora-clang 2.1.7 992.30 OK
r-devel-linux-x86_64-fedora-gcc 2.1.7 853.18 OK
r-devel-windows-x86_64 2.1.7 616.00 196.00 812.00 OK
r-patched-linux-x86_64 2.1.7 487.87 97.38 585.25 OK
r-release-linux-x86_64 2.1.7 455.04 99.00 554.04 OK
r-release-macos-arm64 2.1.7 210.00 NOTE
r-release-macos-x86_64 2.1.7 282.00 NOTE
r-release-windows-x86_64 2.1.7 474.00 169.00 643.00 OK
r-oldrel-macos-arm64 2.1.7 215.00 NOTE
r-oldrel-macos-x86_64 2.1.7 274.00 NOTE
r-oldrel-windows-ix86+x86_64 2.1.7 1369.00 208.00 1577.00 OK

Check Details

Version: 2.1.7
Check: installed package size
Result: NOTE
     installed size is 42.0Mb
     sub-directories of 1Mb or more:
     libs 41.1Mb
Flavors: r-release-macos-arm64, r-release-macos-x86_64, r-oldrel-macos-arm64, r-oldrel-macos-x86_64