CRAN Package Check Results for Package Rmosek

Last updated on 2022-09-28 04:51:11 CEST.

Flavor Version Tinstall Tcheck Ttotal Status Flags
r-devel-linux-x86_64-debian-clang 1.3.5 1.61 23.24 24.85 NOTE
r-devel-linux-x86_64-debian-gcc 1.3.5 1.59 18.40 19.99 NOTE
r-devel-linux-x86_64-fedora-clang 1.3.5 44.70 OK
r-devel-linux-x86_64-fedora-gcc 1.3.5 43.07 OK
r-devel-windows-x86_64 1.3.5 10.00 55.00 65.00 OK
r-patched-linux-x86_64 1.3.5 2.01 22.47 24.48 NOTE
r-release-linux-x86_64 1.3.5 2.26 22.44 24.70 NOTE
r-release-macos-arm64 1.3.5 16.00 OK
r-release-macos-x86_64 1.3.5 20.00 OK
r-release-windows-x86_64 1.3.5 7.00 56.00 63.00 OK
r-oldrel-macos-arm64 1.3.5 24.00 OK
r-oldrel-macos-x86_64 1.3.5 25.00 OK
r-oldrel-windows-ix86+x86_64 1.3.5 6.00 47.00 53.00 OK

Check Details

Version: 1.3.5
Check: R code for possible problems
Result: NOTE
    Found the following calls to attach():
    File 'Rmosek/R/builder.R':
     attach(builderenv, pos, name, warn.conflicts)
    See section 'Good practice' in '?attach'.
Flavors: r-devel-linux-x86_64-debian-clang, r-devel-linux-x86_64-debian-gcc, r-patched-linux-x86_64, r-release-linux-x86_64