Last updated on 2023-11-28 04:03:22 CET.
Flavor | Version | Tinstall | Tcheck | Ttotal | Status | Flags |
---|---|---|---|---|---|---|
r-devel-linux-x86_64-debian-clang | 3.1.0 | 51.82 | 178.31 | 230.13 | OK | |
r-devel-linux-x86_64-debian-gcc | 3.1.0 | 34.23 | 138.21 | 172.44 | OK | |
r-devel-linux-x86_64-fedora-clang | 3.1.0 | 305.72 | NOTE | |||
r-devel-linux-x86_64-fedora-gcc | 3.1.0 | 411.25 | OK | |||
r-devel-windows-x86_64 | 3.1.0 | 54.00 | 297.00 | 351.00 | OK | |
r-patched-linux-x86_64 | 3.1.0 | 40.27 | 172.36 | 212.63 | OK | |
r-release-linux-x86_64 | 3.1.0 | 37.62 | 168.65 | 206.27 | OK | |
r-release-macos-arm64 | 3.1.0 | 225.00 | OK | |||
r-release-macos-x86_64 | 3.1.0 | 497.00 | OK | |||
r-release-windows-x86_64 | 3.1.0 | 65.00 | 327.00 | 392.00 | OK | |
r-oldrel-macos-arm64 | 3.1.0 | 217.00 | OK | |||
r-oldrel-macos-x86_64 | 3.1.0 | 227.00 | OK | |||
r-oldrel-windows-x86_64 | 3.1.0 | 52.00 | 330.00 | 382.00 | OK |
Version: 3.1.0
Check: Rd cross-references
Result: NOTE
Undeclared packages ‘bridgesampling’, ‘rstan’, ‘extraDistr’ in Rd xrefs
Flavor: r-devel-linux-x86_64-fedora-clang