CRAN Package Check Results for Package RobAStRDA

Last updated on 2023-02-01 03:54:26 CET.

Flavor Version Tinstall Tcheck Ttotal Status Flags
r-devel-linux-x86_64-debian-clang 1.2.0 14.69 34.54 49.23 NOTE
r-devel-linux-x86_64-debian-gcc 1.2.0 13.81 28.11 41.92 NOTE
r-devel-linux-x86_64-fedora-clang 1.2.0 63.02 NOTE
r-devel-linux-x86_64-fedora-gcc 1.2.0 64.16 NOTE
r-devel-windows-x86_64 1.2.0 220.00 63.00 283.00 NOTE
r-patched-linux-x86_64 1.2.0 15.36 33.47 48.83 NOTE
r-release-linux-x86_64 1.2.0 12.30 33.21 45.51 NOTE
r-release-macos-arm64 1.2.0 24.00 NOTE
r-release-macos-x86_64 1.2.0 34.00 NOTE
r-release-windows-x86_64 1.2.0 37.00 53.00 90.00 NOTE
r-oldrel-macos-arm64 1.2.0 30.00 NOTE
r-oldrel-macos-x86_64 1.2.0 53.00 NOTE
r-oldrel-windows-ix86+x86_64 1.2.0 33.00 44.00 77.00 NOTE

Check Details

Version: 1.2.0
Check: LazyData
Result: NOTE
     'LazyData' is specified without a 'data' directory
Flavors: r-devel-linux-x86_64-debian-clang, r-devel-linux-x86_64-debian-gcc, r-devel-linux-x86_64-fedora-clang, r-devel-linux-x86_64-fedora-gcc, r-devel-windows-x86_64, r-patched-linux-x86_64, r-release-linux-x86_64, r-release-macos-arm64, r-release-macos-x86_64, r-release-windows-x86_64, r-oldrel-macos-arm64, r-oldrel-macos-x86_64, r-oldrel-windows-ix86+x86_64

Version: 1.2.0
Check: installed package size
Result: NOTE
     installed size is 11.4Mb
     sub-directories of 1Mb or more:
     R 11.2Mb
Flavors: r-devel-linux-x86_64-fedora-clang, r-devel-windows-x86_64, r-release-macos-arm64, r-release-macos-x86_64, r-release-windows-x86_64, r-oldrel-macos-arm64, r-oldrel-macos-x86_64, r-oldrel-windows-ix86+x86_64