CRAN Package Check Results for Package RobAStRDA

Last updated on 2024-02-24 03:52:45 CET.

Flavor Version Tinstall Tcheck Ttotal Status Flags
r-devel-linux-x86_64-debian-clang 1.2.1 12.27 38.28 50.55 OK
r-devel-linux-x86_64-debian-gcc 1.2.1 13.80 31.02 44.82 OK
r-devel-linux-x86_64-fedora-clang 1.2.1 68.87 NOTE
r-devel-linux-x86_64-fedora-gcc 1.2.1 65.17 OK
r-devel-windows-x86_64 1.2.1 22.00 53.00 75.00 NOTE
r-patched-linux-x86_64 1.2.1 14.10 37.92 52.02 OK
r-release-linux-x86_64 1.2.1 14.97 37.57 52.54 OK
r-release-macos-arm64 1.2.1 36.00 NOTE
r-release-macos-x86_64 1.2.1 77.00 NOTE
r-release-windows-x86_64 1.2.1 29.00 49.00 78.00 NOTE
r-oldrel-macos-arm64 1.2.1 34.00 NOTE
r-oldrel-windows-x86_64 1.2.1 30.00 45.00 75.00 NOTE

Check Details

Version: 1.2.1
Check: installed package size
Result: NOTE installed size is 11.4Mb sub-directories of 1Mb or more: R 11.2Mb Flavors: r-devel-linux-x86_64-fedora-clang, r-devel-windows-x86_64, r-release-macos-arm64, r-release-macos-x86_64, r-release-windows-x86_64, r-oldrel-macos-arm64, r-oldrel-windows-x86_64