CRAN Package Check Results for Package RobLox

Last updated on 2022-12-10 03:57:40 CET.

Flavor Version Tinstall Tcheck Ttotal Status Flags
r-devel-linux-x86_64-debian-clang 1.2.0 23.24 214.31 237.55 OK
r-devel-linux-x86_64-debian-gcc 1.2.0 17.94 164.47 182.41 OK
r-devel-linux-x86_64-fedora-clang 1.2.0 297.83 NOTE
r-devel-linux-x86_64-fedora-gcc 1.2.0 280.73 OK
r-devel-windows-x86_64 1.2.0 29.00 266.00 295.00 OK
r-patched-linux-x86_64 1.2.0 20.15 186.96 207.11 OK
r-release-linux-x86_64 1.2.0 21.63 195.23 216.86 OK
r-release-macos-arm64 1.2.0 69.00 OK
r-release-macos-x86_64 1.2.0 113.00 OK
r-release-windows-x86_64 1.2.0 42.00 232.00 274.00 OK
r-oldrel-macos-arm64 1.2.0 77.00 OK
r-oldrel-macos-x86_64 1.2.0 88.00 OK
r-oldrel-windows-ix86+x86_64 1.2.0 42.00 216.00 258.00 OK

Check Details

Version: 1.2.0
Check: Rd cross-references
Result: NOTE
    Undeclared package ‘ROptEst’ in Rd xrefs
Flavor: r-devel-linux-x86_64-fedora-clang