CRAN Package Check Results for Package RobLoxBioC

Last updated on 2022-11-26 03:58:18 CET.

Flavor Version Tinstall Tcheck Ttotal Status Flags
r-devel-linux-x86_64-debian-clang 1.2.0 39.27 339.36 378.63 OK
r-devel-linux-x86_64-debian-gcc 1.2.0 30.72 251.83 282.55 OK
r-devel-linux-x86_64-fedora-clang 1.2.0 501.07 NOTE
r-devel-linux-x86_64-fedora-gcc 1.2.0 506.19 OK
r-devel-windows-x86_64 1.2.0 46.00 320.00 366.00 ERROR
r-patched-linux-x86_64 1.2.0 OK
r-release-linux-x86_64 1.2.0 27.39 320.37 347.76 OK
r-release-macos-arm64 1.2.0 107.00 NOTE
r-release-macos-x86_64 1.2.0 203.00 NOTE
r-release-windows-x86_64 1.2.0 47.00 333.00 380.00 OK
r-oldrel-macos-arm64 1.2.0 162.00 NOTE
r-oldrel-macos-x86_64 1.2.0 12.00 ERROR
r-oldrel-windows-ix86+x86_64 1.2.0 5.00 18.00 23.00 ERROR

Check Details

Version: 1.2.0
Check: Rd cross-references
Result: NOTE
    Undeclared package ‘distrEx’ in Rd xrefs
Flavor: r-devel-linux-x86_64-fedora-clang

Version: 1.2.0
Check: whether package can be installed
Result: ERROR
    Installation failed.
Flavors: r-devel-windows-x86_64, r-oldrel-macos-x86_64, r-oldrel-windows-ix86+x86_64

Version: 1.2.0
Check: package dependencies
Result: NOTE
    Package suggested but not available for checking: ‘illuminaHumanv3.db’
Flavors: r-release-macos-arm64, r-oldrel-macos-arm64

Version: 1.2.0
Check: package dependencies
Result: NOTE
    Packages suggested but not available for checking:
     'affydata', 'illuminaHumanv3.db'
Flavors: r-release-macos-x86_64, r-oldrel-macos-x86_64