CRAN Package Check Results for Package SC2API

Last updated on 2022-12-02 04:00:21 CET.

Flavor Version Tinstall Tcheck Ttotal Status Flags
r-devel-linux-x86_64-debian-clang 1.0.0 3.55 46.77 50.32 NOTE
r-devel-linux-x86_64-debian-gcc 1.0.0 2.65 35.23 37.88 NOTE
r-devel-linux-x86_64-fedora-clang 1.0.0 73.05 NOTE
r-devel-linux-x86_64-fedora-gcc 1.0.0 72.53 NOTE
r-devel-windows-x86_64 1.0.0 37.00 88.00 125.00 NOTE
r-patched-linux-x86_64 1.0.0 2.85 41.92 44.77 NOTE
r-release-linux-x86_64 1.0.0 3.34 43.49 46.83 NOTE
r-release-macos-arm64 1.0.0 28.00 NOTE
r-release-macos-x86_64 1.0.0 32.00 NOTE
r-release-windows-x86_64 1.0.0 38.00 91.00 129.00 NOTE
r-oldrel-macos-arm64 1.0.0 32.00 NOTE
r-oldrel-macos-x86_64 1.0.0 39.00 NOTE
r-oldrel-windows-ix86+x86_64 1.0.0 7.00 67.00 74.00 NOTE

Check Details

Version: 1.0.0
Check: LazyData
Result: NOTE
     'LazyData' is specified without a 'data' directory
Flavors: r-devel-linux-x86_64-debian-clang, r-devel-linux-x86_64-debian-gcc, r-devel-linux-x86_64-fedora-clang, r-devel-linux-x86_64-fedora-gcc, r-devel-windows-x86_64, r-patched-linux-x86_64, r-release-linux-x86_64, r-release-macos-arm64, r-release-macos-x86_64, r-release-windows-x86_64, r-oldrel-macos-arm64, r-oldrel-macos-x86_64, r-oldrel-windows-ix86+x86_64