CRAN Package Check Results for Package SCORNET

Last updated on 2023-01-31 04:06:33 CET.

Flavor Version Tinstall Tcheck Ttotal Status Flags
r-devel-linux-x86_64-debian-clang 0.1.1 28.92 48.70 77.62 NOTE
r-devel-linux-x86_64-debian-gcc 0.1.1 22.61 36.08 58.69 NOTE
r-devel-linux-x86_64-fedora-clang 0.1.1 109.40 NOTE
r-devel-linux-x86_64-fedora-gcc 0.1.1 109.46 NOTE
r-devel-windows-x86_64 0.1.1 32.00 113.00 145.00 NOTE
r-patched-linux-x86_64 0.1.1 21.81 47.67 69.48 NOTE
r-release-linux-x86_64 0.1.1 21.83 46.77 68.60 NOTE
r-release-macos-arm64 0.1.1 30.00 NOTE
r-release-macos-x86_64 0.1.1 42.00 NOTE
r-release-windows-x86_64 0.1.1 30.00 114.00 144.00 NOTE
r-oldrel-macos-arm64 0.1.1 39.00 NOTE
r-oldrel-macos-x86_64 0.1.1 57.00 NOTE
r-oldrel-windows-ix86+x86_64 0.1.1 73.00 106.00 179.00 NOTE

Check Details

Version: 0.1.1
Check: LazyData
Result: NOTE
     'LazyData' is specified without a 'data' directory
Flavors: r-devel-linux-x86_64-debian-clang, r-devel-linux-x86_64-debian-gcc, r-devel-linux-x86_64-fedora-clang, r-devel-linux-x86_64-fedora-gcc, r-devel-windows-x86_64, r-patched-linux-x86_64, r-release-linux-x86_64, r-release-macos-arm64, r-release-macos-x86_64, r-release-windows-x86_64, r-oldrel-macos-arm64, r-oldrel-macos-x86_64, r-oldrel-windows-ix86+x86_64

Version: 0.1.1
Check: dependencies in R code
Result: NOTE
    Namespaces in Imports field not imported from:
     ‘Matrix’ ‘pracma’
     All declared Imports should be used.
Flavors: r-devel-linux-x86_64-fedora-clang, r-devel-linux-x86_64-fedora-gcc, r-release-macos-arm64, r-release-macos-x86_64, r-oldrel-macos-arm64, r-oldrel-macos-x86_64