CRAN Package Check Results for Package SGB

Last updated on 2024-06-22 04:49:09 CEST.

Flavor Version Tinstall Tcheck Ttotal Status Flags
r-devel-linux-x86_64-debian-clang 1.0.1.1 3.89 92.06 95.95 OK
r-devel-linux-x86_64-debian-gcc 1.0.1.1 3.05 66.85 69.90 OK
r-devel-linux-x86_64-fedora-clang 1.0.1.1 126.51 OK
r-devel-linux-x86_64-fedora-gcc 1.0.1.1 124.28 OK
r-devel-windows-x86_64 1.0.1.1 5.00 110.00 115.00 OK
r-patched-linux-x86_64 1.0.1.1 5.37 88.58 93.95 OK
r-release-linux-x86_64 1.0.1.1 4.02 89.91 93.93 OK
r-release-macos-arm64 1.0.1.1 39.00 OK
r-release-macos-x86_64 1.0.1.1 67.00 WARN
r-release-windows-x86_64 1.0.1.1 6.00 115.00 121.00 OK
r-oldrel-macos-arm64 1.0.1.1 45.00 OK
r-oldrel-macos-x86_64 1.0.1.1 111.00 OK
r-oldrel-windows-x86_64 1.0.1.1 5.00 119.00 124.00 OK

Check Details

Version: 1.0.1.1
Check: re-building of vignette outputs
Result: WARN Error(s) in re-building vignettes: ... --- re-building ‘vignette.Rnw’ using knitr Error: processing vignette 'vignette.Rnw' failed with diagnostics: Running 'texi2dvi' on 'vignette.tex' failed. LaTeX errors: ! Undefined control sequence. l.326 \hlkwd{library}\hldef {(SGB)} ? ! Emergency stop. ! Emergency stop. l.326 End of file on the terminal! ! ==> Fatal error occurred, no output PDF file produced! --- failed re-building ‘vignette.Rnw’ SUMMARY: processing the following file failed: ‘vignette.Rnw’ Error: Vignette re-building failed. Execution halted Flavor: r-release-macos-x86_64