CRAN Package Check Results for Package SGPdata

Last updated on 2024-07-20 04:48:44 CEST.

Flavor Version Tinstall Tcheck Ttotal Status Flags
r-devel-linux-x86_64-debian-clang 28.0-0.0 75.02 58.06 133.08 OK
r-devel-linux-x86_64-debian-gcc 28.0-0.0 69.54 43.92 113.46 OK
r-devel-linux-x86_64-fedora-clang 28.0-0.0 184.75 NOTE
r-devel-linux-x86_64-fedora-gcc 28.0-0.0 194.70 OK
r-devel-windows-x86_64 28.0-0.0 69.00 82.00 151.00 NOTE
r-patched-linux-x86_64 28.0-0.0 77.65 54.96 132.61 OK
r-release-linux-x86_64 27.0-0.0 73.92 54.94 128.86 OK
r-release-macos-arm64 28.0-0.0 88.00 NOTE
r-release-macos-x86_64 28.0-0.0 236.00 NOTE
r-release-windows-x86_64 28.0-0.0 68.00 66.00 134.00 NOTE
r-oldrel-macos-arm64 28.0-0.0 95.00 ERROR
r-oldrel-macos-x86_64 28.0-0.0 212.00 ERROR
r-oldrel-windows-x86_64 27.0-0.0 68.00 73.00 141.00 NOTE

Check Details

Version: 28.0-0.0
Check: installed package size
Result: NOTE installed size is 6.9Mb sub-directories of 1Mb or more: data 6.7Mb Flavors: r-devel-linux-x86_64-fedora-clang, r-devel-windows-x86_64, r-release-macos-arm64, r-release-macos-x86_64, r-release-windows-x86_64, r-oldrel-macos-arm64, r-oldrel-macos-x86_64

Version: 28.0-0.0
Check: running R code from vignettes
Result: ERROR Errors in running code in vignettes: when running code in ‘SGPdata.Rmd’ ... > knitr::opts_chunk$set(collapse = TRUE, comment = "", + prompt = TRUE, fig.dpi = 96) > if (is_html_output()) { + options(width = 1000) + } When sourcing ‘SGPdata.R’: Error: argument is of length zero Execution halted ‘SGPdata.Rmd’... failed Flavors: r-oldrel-macos-arm64, r-oldrel-macos-x86_64

Version: 27.0-0.0
Check: installed package size
Result: NOTE installed size is 6.8Mb sub-directories of 1Mb or more: data 6.7Mb Flavor: r-oldrel-windows-x86_64