CRAN Package Check Results for Package SMDIC

Last updated on 2022-08-08 04:50:52 CEST.

Flavor Version Tinstall Tcheck Ttotal Status Flags
r-devel-linux-x86_64-debian-clang 0.1.3 51.65 491.17 542.82 OK
r-devel-linux-x86_64-debian-gcc 0.1.3 41.54 372.19 413.73 OK
r-devel-linux-x86_64-fedora-clang 0.1.3 695.00 NOTE
r-devel-linux-x86_64-fedora-gcc 0.1.3 668.42 NOTE
r-devel-windows-x86_64 0.1.3 52.00 494.00 546.00 OK
r-patched-linux-x86_64 0.1.3 51.28 474.62 525.90 OK
r-release-linux-x86_64 0.1.3 OK
r-release-macos-arm64 0.1.3 173.00 NOTE
r-release-macos-x86_64 0.1.3 302.00 NOTE
r-release-windows-x86_64 0.1.3 52.00 508.00 560.00 OK
r-oldrel-macos-arm64 0.1.3 254.00 NOTE
r-oldrel-macos-x86_64 0.1.3 218.00 NOTE
r-oldrel-windows-ix86+x86_64 0.1.3 103.00 497.00 600.00 OK

Check Details

Version: 0.1.3
Check: dependencies in R code
Result: NOTE
    Namespace in Imports field not imported from: ‘quadprog’
     All declared Imports should be used.
Flavors: r-devel-linux-x86_64-fedora-clang, r-devel-linux-x86_64-fedora-gcc, r-release-macos-arm64, r-release-macos-x86_64, r-oldrel-macos-arm64, r-oldrel-macos-x86_64