CRAN Package Check Results for Package SMM

Last updated on 2024-04-17 04:59:43 CEST.

Flavor Version Tinstall Tcheck Ttotal Status Flags
r-devel-linux-x86_64-debian-clang 1.0.2 11.80 106.74 118.54 NOTE
r-devel-linux-x86_64-debian-gcc 1.0.2 14.10 74.17 88.27 NOTE
r-devel-linux-x86_64-fedora-clang 1.0.2 151.97 NOTE
r-devel-linux-x86_64-fedora-gcc 1.0.2 155.07 NOTE
r-prerel-macos-arm64 1.0.2 48.00 WARN
r-prerel-windows-x86_64 1.0.2 14.00 108.00 122.00 NOTE
r-patched-linux-x86_64 1.0.2 16.95 100.62 117.57 NOTE
r-release-linux-x86_64 1.0.2 14.52 98.24 112.76 OK
r-release-macos-arm64 1.0.2 53.00 WARN
r-release-macos-x86_64 1.0.2 90.00 OK
r-release-windows-x86_64 1.0.2 17.00 119.00 136.00 OK
r-oldrel-macos-arm64 1.0.2 39.00 OK
r-oldrel-windows-x86_64 1.0.2 18.00 123.00 141.00 OK

Additional issues

donttest

Check Details

Version: 1.0.2
Check: Rd files
Result: NOTE checkRd: (-1) estimMk.Rd:44: Lost braces; missing escapes or markup? 44 | estimMk returns the transition probability matrix of size (S^{k})xS (with S = length(E)) | ^ Flavors: r-devel-linux-x86_64-debian-clang, r-devel-linux-x86_64-debian-gcc, r-devel-linux-x86_64-fedora-clang, r-devel-linux-x86_64-fedora-gcc, r-prerel-macos-arm64, r-prerel-windows-x86_64, r-patched-linux-x86_64

Version: 1.0.2
Check: re-building of vignette outputs
Result: WARN Error(s) in re-building vignettes: ... --- re-building ‘smm.Rnw’ using Sweave Error: processing vignette 'smm.Rnw' failed with diagnostics: Running 'texi2dvi' on 'smm.tex' failed. LaTeX errors: !pdfTeX error: pdflatex (file bbm10): Font bbm10 at 657 not found ==> Fatal error occurred, no output PDF file produced! --- failed re-building ‘smm.Rnw’ SUMMARY: processing the following file failed: ‘smm.Rnw’ Error: Vignette re-building failed. Execution halted Flavors: r-prerel-macos-arm64, r-release-macos-arm64