CRAN Package Check Results for Package SP2000

Last updated on 2022-12-05 03:55:12 CET.

Flavor Version Tinstall Tcheck Ttotal Status Flags
r-devel-linux-x86_64-debian-clang 0.2.0 7.44 66.00 73.44 NOTE
r-devel-linux-x86_64-debian-gcc 0.2.0 4.73 48.86 53.59 NOTE
r-devel-linux-x86_64-fedora-clang 0.2.0 102.21 NOTE
r-devel-linux-x86_64-fedora-gcc 0.2.0 95.51 NOTE
r-devel-windows-x86_64 0.2.0 18.00 92.00 110.00 NOTE
r-patched-linux-x86_64 0.2.0 7.32 59.20 66.52 NOTE
r-release-linux-x86_64 0.2.0 7.13 61.83 68.96 NOTE
r-release-macos-arm64 0.2.0 26.00 NOTE
r-release-macos-x86_64 0.2.0 39.00 NOTE
r-release-windows-x86_64 0.2.0 28.00 90.00 118.00 NOTE
r-oldrel-macos-arm64 0.2.0 29.00 NOTE
r-oldrel-macos-x86_64 0.2.0 47.00 NOTE
r-oldrel-windows-ix86+x86_64 0.2.0 18.00 88.00 106.00 NOTE

Check Details

Version: 0.2.0
Check: LazyData
Result: NOTE
     'LazyData' is specified without a 'data' directory
Flavors: r-devel-linux-x86_64-debian-clang, r-devel-linux-x86_64-debian-gcc, r-devel-linux-x86_64-fedora-clang, r-devel-linux-x86_64-fedora-gcc, r-devel-windows-x86_64, r-patched-linux-x86_64, r-release-linux-x86_64, r-release-macos-arm64, r-release-macos-x86_64, r-release-windows-x86_64, r-oldrel-macos-arm64, r-oldrel-macos-x86_64, r-oldrel-windows-ix86+x86_64