CRAN Package Check Results for Package SRTsim

Last updated on 2023-01-30 04:52:35 CET.

Flavor Version Tinstall Tcheck Ttotal Status Flags
r-devel-linux-x86_64-debian-clang 0.99.6 27.74 300.49 328.23 OK
r-devel-linux-x86_64-debian-gcc 0.99.6 22.37 224.49 246.86 OK
r-devel-linux-x86_64-fedora-clang 0.99.6 416.93 NOTE
r-devel-linux-x86_64-fedora-gcc 0.99.6 411.16 OK
r-devel-windows-x86_64 0.99.6 38.00 345.00 383.00 OK
r-patched-linux-x86_64 0.99.6 24.08 291.35 315.43 OK
r-release-linux-x86_64 0.99.6 28.04 293.00 321.04 OK
r-release-macos-arm64 0.99.6 84.00 OK
r-release-macos-x86_64 0.99.6 143.00 OK
r-release-windows-x86_64 0.99.6 61.00 357.00 418.00 OK
r-oldrel-macos-arm64 0.99.6 89.00 OK
r-oldrel-macos-x86_64 0.99.6 148.00 OK
r-oldrel-windows-ix86+x86_64 0.99.6 58.00 361.00 419.00 OK

Check Details

Version: 0.99.6
Check: package dependencies
Result: NOTE
    Imports includes 22 non-default packages.
    Importing from so many packages makes the package vulnerable to any of
    them becoming unavailable. Move as many as possible to Suggests and
    use conditionally.
Flavor: r-devel-linux-x86_64-fedora-clang