CRAN Package Check Results for Package SSDM

Last updated on 2022-12-07 03:57:37 CET.

Flavor Version Tinstall Tcheck Ttotal Status Flags
r-devel-linux-x86_64-debian-clang 0.2.8 55.54 608.83 664.37 OK
r-devel-linux-x86_64-debian-gcc 0.2.8 47.30 446.25 493.55 OK
r-devel-linux-x86_64-fedora-clang 0.2.8 842.06 NOTE
r-devel-linux-x86_64-fedora-gcc 0.2.8 809.55 NOTE
r-devel-windows-x86_64 0.2.8 70.00 660.00 730.00 OK
r-patched-linux-x86_64 0.2.8 50.45 584.05 634.50 OK
r-release-linux-x86_64 0.2.8 42.08 572.23 614.31 OK
r-release-macos-arm64 0.2.8 180.00 NOTE
r-release-macos-x86_64 0.2.8 310.00 NOTE
r-release-windows-x86_64 0.2.8 74.00 658.00 732.00 OK
r-oldrel-macos-arm64 0.2.8 153.00 NOTE
r-oldrel-macos-x86_64 0.2.8 241.00 NOTE
r-oldrel-windows-ix86+x86_64 0.2.8 114.00 652.00 766.00 OK

Check Details

Version: 0.2.8
Check: dependencies in R code
Result: NOTE
    Namespace in Imports field not imported from: ‘shinyFiles’
     All declared Imports should be used.
Flavors: r-devel-linux-x86_64-fedora-clang, r-devel-linux-x86_64-fedora-gcc, r-release-macos-arm64, r-release-macos-x86_64, r-oldrel-macos-arm64, r-oldrel-macos-x86_64