Last updated on 2025-01-13 03:49:43 CET.
Flavor | Version | Tinstall | Tcheck | Ttotal | Status | Flags |
---|---|---|---|---|---|---|
r-devel-linux-x86_64-debian-clang | 2.0.0 | 45.25 | 366.35 | 411.60 | OK | |
r-devel-linux-x86_64-debian-gcc | 2.0.0 | 27.49 | 224.48 | 251.97 | OK | |
r-devel-linux-x86_64-fedora-clang | 2.0.0 | 718.76 | OK | |||
r-devel-linux-x86_64-fedora-gcc | 2.0.0 | 677.61 | OK | |||
r-devel-windows-x86_64 | 2.0.0 | 41.00 | 287.00 | 328.00 | OK | |
r-patched-linux-x86_64 | 1.4.0 | 45.15 | 307.00 | 352.15 | NOTE | |
r-release-linux-x86_64 | 2.0.0 | 42.37 | 333.76 | 376.13 | NOTE | |
r-release-macos-arm64 | 2.0.0 | 154.00 | NOTE | |||
r-release-macos-x86_64 | 2.0.0 | 230.00 | NOTE | |||
r-release-windows-x86_64 | 2.0.0 | 42.00 | 285.00 | 327.00 | NOTE | |
r-oldrel-macos-arm64 | 2.0.0 | 194.00 | NOTE | |||
r-oldrel-macos-x86_64 | 2.0.0 | 271.00 | NOTE | |||
r-oldrel-windows-x86_64 | 2.0.0 | 39.00 | 339.00 | 378.00 | NOTE |
Version: 1.4.0
Check: package dependencies
Result: NOTE
Package suggested but not available for checking: ‘INLA’
Flavor: r-patched-linux-x86_64
Version: 2.0.0
Check: package dependencies
Result: NOTE
Package suggested but not available for checking: ‘INLA’
Flavors: r-release-linux-x86_64, r-release-macos-arm64, r-release-macos-x86_64, r-oldrel-macos-arm64, r-oldrel-macos-x86_64, r-oldrel-windows-x86_64
Version: 2.0.0
Check: installed package size
Result: NOTE
installed size is 6.7Mb
sub-directories of 1Mb or more:
data 2.0Mb
doc 3.1Mb
help 1.0Mb
Flavors: r-release-macos-arm64, r-release-macos-x86_64, r-release-windows-x86_64, r-oldrel-macos-arm64, r-oldrel-macos-x86_64, r-oldrel-windows-x86_64