CRAN Package Check Results for Package SWMPrExtension

Last updated on 2022-11-29 03:56:24 CET.

Flavor Version Tinstall Tcheck Ttotal Status Flags
r-devel-linux-x86_64-debian-clang 2.2.3 25.83 207.61 233.44 OK
r-devel-linux-x86_64-debian-gcc 2.2.3 20.49 153.35 173.84 OK
r-devel-linux-x86_64-fedora-clang 2.2.3 300.04 NOTE
r-devel-linux-x86_64-fedora-gcc 2.2.3 291.50 OK
r-devel-windows-x86_64 2.2.3 78.00 298.00 376.00 OK
r-patched-linux-x86_64 2.2.3 30.22 190.82 221.04 OK
r-release-linux-x86_64 2.2.3 19.57 189.33 208.90 OK
r-release-macos-arm64 2.2.3 83.00 OK
r-release-macos-x86_64 2.2.3 108.00 OK
r-release-windows-x86_64 2.2.3 77.00 270.00 347.00 OK
r-oldrel-macos-arm64 2.2.3 75.00 OK
r-oldrel-macos-x86_64 2.2.3 106.00 OK
r-oldrel-windows-ix86+x86_64 2.2.3 66.00 264.00 330.00 OK

Check Details

Version: 2.2.3
Check: Rd cross-references
Result: NOTE
    Undeclared package ‘sp’ in Rd xrefs
Flavor: r-devel-linux-x86_64-fedora-clang