Last updated on 2023-03-24 03:54:30 CET.
Flavor | Version | Tinstall | Tcheck | Ttotal | Status | Flags |
---|---|---|---|---|---|---|
r-devel-linux-x86_64-debian-clang | 1.1.3 | 91.52 | 75.07 | 166.59 | OK | |
r-devel-linux-x86_64-debian-gcc | 1.1.3 | 67.08 | 58.04 | 125.12 | OK | |
r-devel-linux-x86_64-fedora-clang | 1.1.3 | 247.43 | NOTE | |||
r-devel-linux-x86_64-fedora-gcc | 1.1.3 | 217.65 | NOTE | |||
r-devel-windows-x86_64 | 1.1.3 | 144.00 | 159.00 | 303.00 | NOTE | |
r-patched-linux-x86_64 | 1.1.3 | 77.83 | 70.93 | 148.76 | OK | |
r-release-linux-x86_64 | 1.1.3 | 65.66 | 69.22 | 134.88 | OK | |
r-release-macos-arm64 | 1.1.3 | 65.00 | NOTE | |||
r-release-macos-x86_64 | 1.1.3 | 108.00 | NOTE | |||
r-release-windows-x86_64 | 1.1.3 | 123.00 | 139.00 | 262.00 | NOTE | |
r-oldrel-macos-arm64 | 1.1.3 | 72.00 | NOTE | |||
r-oldrel-macos-x86_64 | 1.1.3 | 77.00 | NOTE | |||
r-oldrel-windows-ix86+x86_64 | 1.1.3 | 170.00 | 146.00 | 316.00 | NOTE |
Version: 1.1.3
Check: installed package size
Result: NOTE
installed size is 5.3Mb
sub-directories of 1Mb or more:
data 4.7Mb
Flavors: r-devel-linux-x86_64-fedora-clang, r-devel-windows-x86_64, r-release-macos-arm64, r-release-macos-x86_64, r-release-windows-x86_64, r-oldrel-macos-arm64, r-oldrel-macos-x86_64, r-oldrel-windows-ix86+x86_64
Version: 1.1.3
Check: dependencies in R code
Result: NOTE
Namespace in Imports field not imported from: ‘Rdpack’
All declared Imports should be used.
Flavors: r-devel-linux-x86_64-fedora-clang, r-devel-linux-x86_64-fedora-gcc, r-release-macos-arm64, r-release-macos-x86_64, r-oldrel-macos-arm64, r-oldrel-macos-x86_64