CRAN Package Check Results for Package ShinyItemAnalysis

Last updated on 2024-02-26 03:59:22 CET.

Flavor Version Tinstall Tcheck Ttotal Status Flags
r-devel-linux-x86_64-debian-clang 1.5.0 21.83 195.66 217.49 OK
r-devel-linux-x86_64-debian-gcc 1.5.0 19.16 148.47 167.63 OK
r-devel-linux-x86_64-fedora-clang 1.5.0 273.94 OK
r-devel-linux-x86_64-fedora-gcc 1.5.0 281.77 OK
r-devel-windows-x86_64 1.5.0 23.00 165.00 188.00 OK
r-patched-linux-x86_64 1.5.0 33.64 187.32 220.96 OK
r-release-linux-x86_64 1.5.0 17.03 191.59 208.62 OK
r-release-macos-arm64 1.5.0 73.00 OK
r-release-macos-x86_64 1.5.0 184.00 NOTE
r-release-windows-x86_64 1.5.0 29.00 201.00 230.00 OK
r-oldrel-macos-arm64 1.5.0 70.00 OK
r-oldrel-windows-x86_64 1.5.0 31.00 196.00 227.00 OK

Check Details

Version: 1.5.0
Check: installed package size
Result: NOTE installed size is 5.3Mb sub-directories of 1Mb or more: ShinyItemAnalysis 2.3Mb data 2.3Mb Flavor: r-release-macos-x86_64