Last updated on 2022-08-10 04:54:12 CEST.
Flavor | Version | Tinstall | Tcheck | Ttotal | Status | Flags |
---|---|---|---|---|---|---|
r-devel-linux-x86_64-debian-clang | 9.1.0 | 29.50 | 278.40 | 307.90 | OK | |
r-devel-linux-x86_64-debian-gcc | 9.1.0 | 21.66 | 268.15 | 289.81 | OK | |
r-devel-linux-x86_64-fedora-clang | 9.1.0 | 369.34 | OK | |||
r-devel-linux-x86_64-fedora-gcc | 9.1.0 | 371.21 | OK | |||
r-devel-windows-x86_64 | 9.1.0 | 92.00 | 357.00 | 449.00 | OK | |
r-patched-linux-x86_64 | 9.1.0 | 23.46 | 259.09 | 282.55 | OK | |
r-release-linux-x86_64 | 9.1.0 | OK | ||||
r-release-macos-arm64 | 9.1.0 | 121.00 | NOTE | |||
r-release-macos-x86_64 | 9.1.0 | 167.00 | NOTE | |||
r-release-windows-x86_64 | 9.1.0 | 84.00 | 363.00 | 447.00 | OK | |
r-oldrel-macos-arm64 | 9.1.0 | 112.00 | NOTE | |||
r-oldrel-macos-x86_64 | 9.1.0 | 164.00 | NOTE | |||
r-oldrel-windows-ix86+x86_64 | 9.1.0 | 71.00 | 520.00 | 591.00 | NOTE |
Version: 9.1.0
Check: installed package size
Result: NOTE
installed size is 6.4Mb
sub-directories of 1Mb or more:
data 1.9Mb
libs 2.7Mb
Flavors: r-release-macos-arm64, r-release-macos-x86_64, r-oldrel-macos-arm64, r-oldrel-macos-x86_64, r-oldrel-windows-ix86+x86_64