CRAN Package Check Results for Package SimMultiCorrData

Last updated on 2022-08-09 04:52:32 CEST.

Flavor Version Tinstall Tcheck Ttotal Status Flags
r-devel-linux-x86_64-debian-clang 0.2.2 30.77 450.33 481.10 OK
r-devel-linux-x86_64-debian-gcc 0.2.2 25.56 323.26 348.82 OK
r-devel-linux-x86_64-fedora-clang 0.2.2 569.04 NOTE
r-devel-linux-x86_64-fedora-gcc 0.2.2 557.34 OK
r-devel-windows-x86_64 0.2.2 299.00 471.00 770.00 OK
r-patched-linux-x86_64 0.2.2 32.86 409.31 442.17 OK
r-release-linux-x86_64 0.2.2 OK
r-release-macos-arm64 0.2.2 143.00 OK
r-release-macos-x86_64 0.2.2 264.00 OK
r-release-windows-x86_64 0.2.2 227.00 452.00 679.00 OK
r-oldrel-macos-arm64 0.2.2 189.00 OK
r-oldrel-macos-x86_64 0.2.2 252.00 OK
r-oldrel-windows-ix86+x86_64 0.2.2 59.00 518.00 577.00 OK

Check Details

Version: 0.2.2
Check: Rd cross-references
Result: NOTE
    Undeclared packages ‘BinNonNor’, ‘PoisNor’, ‘PoisBinOrdNor’, ‘PoisBinOrdNonNor’ in Rd xrefs
Flavor: r-devel-linux-x86_64-fedora-clang