Last updated on 2023-02-06 03:54:45 CET.
Flavor | Version | Tinstall | Tcheck | Ttotal | Status | Flags |
---|---|---|---|---|---|---|
r-devel-linux-x86_64-debian-clang | 0.1.3 | 66.96 | 40.32 | 107.28 | NOTE | |
r-devel-linux-x86_64-debian-gcc | 0.1.3 | 47.83 | 31.05 | 78.88 | NOTE | |
r-devel-linux-x86_64-fedora-clang | 0.1.3 | 162.16 | NOTE | |||
r-devel-linux-x86_64-fedora-gcc | 0.1.3 | 146.97 | NOTE | |||
r-devel-windows-x86_64 | 0.1.3 | 89.00 | 104.00 | 193.00 | NOTE | |
r-patched-linux-x86_64 | 0.1.3 | 50.36 | 38.92 | 89.28 | OK | |
r-release-linux-x86_64 | 0.1.3 | 53.77 | 39.30 | 93.07 | OK | |
r-release-macos-arm64 | 0.1.3 | 43.00 | OK | |||
r-release-macos-x86_64 | 0.1.3 | 54.00 | OK | |||
r-release-windows-x86_64 | 0.1.3 | 78.00 | 98.00 | 176.00 | OK | |
r-oldrel-macos-arm64 | 0.1.3 | 43.00 | OK | |||
r-oldrel-macos-x86_64 | 0.1.3 | 63.00 | OK | |||
r-oldrel-windows-ix86+x86_64 | 0.1.3 | 163.00 | 104.00 | 267.00 | OK |
Version: 0.1.3
Check: C++ specification
Result: NOTE
Specified C++14: please update to current default of C++17
Flavors: r-devel-linux-x86_64-debian-clang, r-devel-linux-x86_64-debian-gcc, r-devel-linux-x86_64-fedora-clang, r-devel-linux-x86_64-fedora-gcc, r-devel-windows-x86_64