CRAN Package Check Results for Package SmartEDA

Last updated on 2022-12-05 03:55:12 CET.

Flavor Version Tinstall Tcheck Ttotal Status Flags
r-devel-linux-x86_64-debian-clang 0.3.8 9.85 203.06 212.91 NOTE
r-devel-linux-x86_64-debian-gcc 0.3.9 8.20 140.75 148.95 NOTE
r-devel-linux-x86_64-fedora-clang 0.3.9 249.36 NOTE
r-devel-linux-x86_64-fedora-gcc 0.3.8 283.95 NOTE
r-devel-windows-x86_64 0.3.9 24.00 147.00 171.00 OK
r-patched-linux-x86_64 0.3.8 8.46 175.26 183.72 NOTE
r-release-linux-x86_64 0.3.8 8.31 171.26 179.57 NOTE
r-release-macos-arm64 0.3.9 78.00 NOTE
r-release-macos-x86_64 0.3.8 140.00 NOTE
r-release-windows-x86_64 0.3.9 36.00 241.00 277.00 OK
r-oldrel-macos-arm64 0.3.9 72.00 NOTE
r-oldrel-macos-x86_64 0.3.8 87.00 NOTE
r-oldrel-windows-ix86+x86_64 0.3.8 25.00 210.00 235.00 OK

Check Details

Version: 0.3.8
Check: Rd cross-references
Result: NOTE
    Unknown package 'InformationValue' in Rd xrefs
Flavors: r-devel-linux-x86_64-debian-clang, r-devel-linux-x86_64-fedora-gcc, r-patched-linux-x86_64, r-release-linux-x86_64

Version: 0.3.9
Check: Rd cross-references
Result: NOTE
    Unknown package ‘InformationValue’ in Rd xrefs
Flavor: r-devel-linux-x86_64-debian-gcc

Version: 0.3.9
Check: dependencies in R code
Result: NOTE
    Namespace in Imports field not imported from: ‘qpdf’
     All declared Imports should be used.
Flavors: r-devel-linux-x86_64-fedora-clang, r-release-macos-arm64, r-oldrel-macos-arm64

Version: 0.3.9
Check: Rd cross-references
Result: NOTE
    Undeclared packages ‘InformationValue’, ‘ggthemes’, ‘DataExplorer’ in Rd xrefs
    Unknown package ‘InformationValue’ in Rd xrefs
Flavor: r-devel-linux-x86_64-fedora-clang

Version: 0.3.8
Check: dependencies in R code
Result: NOTE
    Namespace in Imports field not imported from: ‘qpdf’
     All declared Imports should be used.
Flavors: r-devel-linux-x86_64-fedora-gcc, r-release-macos-x86_64, r-oldrel-macos-x86_64