Last updated on 2023-02-04 03:55:36 CET.
Flavor | Version | Tinstall | Tcheck | Ttotal | Status | Flags |
---|---|---|---|---|---|---|
r-devel-linux-x86_64-debian-clang | 0.1.5 | 5.04 | 89.12 | 94.16 | NOTE | |
r-devel-linux-x86_64-debian-gcc | 0.1.5 | 2.77 | 63.82 | 66.59 | NOTE | |
r-devel-linux-x86_64-fedora-clang | 0.1.5 | 116.97 | NOTE | |||
r-devel-linux-x86_64-fedora-gcc | 0.1.5 | 126.97 | NOTE | |||
r-devel-windows-x86_64 | 0.1.5 | 22.00 | 123.00 | 145.00 | NOTE | |
r-patched-linux-x86_64 | 0.1.5 | 4.99 | 81.60 | 86.59 | NOTE | |
r-release-linux-x86_64 | 0.1.5 | 4.04 | 80.64 | 84.68 | NOTE | |
r-release-macos-arm64 | 0.1.5 | 30.00 | ERROR | |||
r-release-macos-x86_64 | 0.1.5 | 52.00 | NOTE | |||
r-release-windows-x86_64 | 0.1.5 | 26.00 | 130.00 | 156.00 | NOTE | |
r-oldrel-macos-arm64 | 0.1.5 | 33.00 | NOTE | |||
r-oldrel-macos-x86_64 | 0.1.5 | 52.00 | NOTE | |||
r-oldrel-windows-ix86+x86_64 | 0.1.5 | 9.00 | 124.00 | 133.00 | NOTE |
Version: 0.1.5
Check: package dependencies
Result: NOTE
Package suggested but not available for checking: ‘r2cytoscape’
Flavors: r-devel-linux-x86_64-debian-clang, r-devel-linux-x86_64-debian-gcc, r-devel-linux-x86_64-fedora-clang, r-devel-linux-x86_64-fedora-gcc, r-devel-windows-x86_64, r-patched-linux-x86_64, r-release-linux-x86_64, r-release-macos-x86_64, r-release-windows-x86_64, r-oldrel-macos-arm64, r-oldrel-macos-x86_64, r-oldrel-windows-ix86+x86_64
Version: 0.1.5
Check: package dependencies
Result: NOTE
Packages suggested but not available for checking:
'r2cytoscape', 'hgu95av2.db'
Flavor: r-release-macos-arm64
Version: 0.1.5
Check: re-building of vignette outputs
Result: ERROR
Error(s) in re-building vignettes:
...
--- re-building ‘SourceSet.Rmd’ using rmarkdown
Failed with error: 'there is no package called 'hgu95av2.db''
Quitting from lines 512-527 (SourceSet.Rmd)
Error: processing vignette 'SourceSet.Rmd' failed with diagnostics:
error in evaluating the argument 'x' in selecting a method for function 'as.list': object 'org.Hs.egSYMBOL' not found
--- failed re-building ‘SourceSet.Rmd’
SUMMARY: processing the following file failed:
‘SourceSet.Rmd’
Error: Vignette re-building failed.
Execution halted
Flavor: r-release-macos-arm64