CRAN Package Check Results for Package SparseFactorAnalysis

Last updated on 2022-10-04 04:50:43 CEST.

Flavor Version Tinstall Tcheck Ttotal Status Flags
r-devel-linux-x86_64-debian-clang 1.0 64.79 80.06 144.85 OK
r-devel-linux-x86_64-debian-gcc 1.0 48.53 58.65 107.18 OK
r-devel-linux-x86_64-fedora-clang 1.0 214.26 NOTE
r-devel-linux-x86_64-fedora-gcc 1.0 200.68 NOTE
r-devel-windows-x86_64 1.0 77.00 119.00 196.00 OK
r-patched-linux-x86_64 1.0 56.87 76.35 133.22 OK
r-release-linux-x86_64 1.0 55.90 75.93 131.83 OK
r-release-macos-arm64 1.0 50.00 OK
r-release-macos-x86_64 1.0 91.00 OK
r-release-windows-x86_64 1.0 134.00 120.00 254.00 OK
r-oldrel-macos-arm64 1.0 52.00 OK
r-oldrel-macos-x86_64 1.0 92.00 OK
r-oldrel-windows-ix86+x86_64 1.0 165.00 143.00 308.00 OK

Check Details

Version: 1.0
Check: compiled code
Result: NOTE
    File ‘SparseFactorAnalysis/libs/SparseFactorAnalysis.so’:
     Found no calls to: ‘R_registerRoutines’, ‘R_useDynamicSymbols’
    
    It is good practice to register native routines and to disable symbol
    search.
    
    See ‘Writing portable packages’ in the ‘Writing R Extensions’ manual.
Flavors: r-devel-linux-x86_64-fedora-clang, r-devel-linux-x86_64-fedora-gcc