CRAN Package Check Results for Package StackImpute

Last updated on 2022-12-10 03:57:42 CET.

Flavor Version Tinstall Tcheck Ttotal Status Flags
r-devel-linux-x86_64-debian-clang 0.1.0 11.58 42.83 54.41 OK
r-devel-linux-x86_64-debian-gcc 0.1.0 10.59 33.42 44.01 OK
r-devel-linux-x86_64-fedora-clang 0.1.0 79.50 NOTE
r-devel-linux-x86_64-fedora-gcc 0.1.0 88.55 NOTE
r-devel-windows-x86_64 0.1.0 33.00 79.00 112.00 OK
r-patched-linux-x86_64 0.1.0 12.13 37.70 49.83 OK
r-release-linux-x86_64 0.1.0 13.31 38.91 52.22 OK
r-release-macos-arm64 0.1.0 31.00 NOTE
r-release-macos-x86_64 0.1.0 45.00 NOTE
r-release-windows-x86_64 0.1.0 23.00 76.00 99.00 OK
r-oldrel-macos-arm64 0.1.0 30.00 NOTE
r-oldrel-macos-x86_64 0.1.0 37.00 NOTE
r-oldrel-windows-ix86+x86_64 0.1.0 18.00 75.00 93.00 OK

Check Details

Version: 0.1.0
Check: dependencies in R code
Result: NOTE
    Namespaces in Imports field not imported from:
     ‘MASS’ ‘mice’ ‘sandwich’ ‘zoo’
     All declared Imports should be used.
Flavors: r-devel-linux-x86_64-fedora-clang, r-devel-linux-x86_64-fedora-gcc, r-release-macos-arm64, r-release-macos-x86_64, r-oldrel-macos-arm64, r-oldrel-macos-x86_64