CRAN Package Check Results for Package Storm

Last updated on 2022-11-30 03:58:36 CET.

Flavor Version Tinstall Tcheck Ttotal Status Flags
r-devel-linux-x86_64-debian-clang 1.2 3.06 25.46 28.52 NOTE
r-devel-linux-x86_64-debian-gcc 1.2 1.98 20.30 22.28 NOTE
r-devel-linux-x86_64-fedora-clang 1.2 46.88 NOTE
r-devel-linux-x86_64-fedora-gcc 1.2 44.56 NOTE
r-devel-windows-x86_64 1.2 12.00 52.00 64.00 NOTE
r-patched-linux-x86_64 1.2 2.99 25.07 28.06 NOTE
r-release-linux-x86_64 1.2 2.74 24.75 27.49 NOTE
r-release-macos-arm64 1.2 18.00 NOTE
r-release-macos-x86_64 1.2 21.00 NOTE
r-release-windows-x86_64 1.2 13.00 55.00 68.00 NOTE
r-oldrel-macos-arm64 1.2 23.00 NOTE
r-oldrel-macos-x86_64 1.2 27.00 NOTE
r-oldrel-windows-ix86+x86_64 1.2 9.00 48.00 57.00 NOTE

Check Details

Version: 1.2
Check: DESCRIPTION meta-information
Result: NOTE
    Malformed Title field: should not end in a period.
Flavors: r-devel-linux-x86_64-debian-clang, r-devel-linux-x86_64-debian-gcc, r-devel-linux-x86_64-fedora-clang, r-devel-linux-x86_64-fedora-gcc, r-devel-windows-x86_64, r-patched-linux-x86_64, r-release-linux-x86_64, r-release-macos-arm64, r-release-macos-x86_64, r-release-windows-x86_64, r-oldrel-macos-arm64, r-oldrel-macos-x86_64, r-oldrel-windows-ix86+x86_64