Last updated on 2025-01-12 03:49:59 CET.
Flavor | Version | Tinstall | Tcheck | Ttotal | Status | Flags |
---|---|---|---|---|---|---|
r-devel-linux-x86_64-debian-clang | 0.1.9 | 51.85 | 423.66 | 475.51 | OK | |
r-devel-linux-x86_64-debian-gcc | 0.1.9 | 37.00 | 311.84 | 348.84 | OK | |
r-devel-linux-x86_64-fedora-clang | 0.1.9 | 805.69 | OK | |||
r-devel-linux-x86_64-fedora-gcc | 0.1.9 | 777.45 | OK | |||
r-devel-windows-x86_64 | 0.1.9 | 14.00 | 5.00 | 19.00 | ERROR | |
r-patched-linux-x86_64 | 0.1.9 | 50.54 | 390.94 | 441.48 | OK | |
r-release-linux-x86_64 | 0.1.9 | 47.90 | 393.24 | 441.14 | OK | |
r-release-macos-arm64 | 0.1.9 | 223.00 | OK | |||
r-release-macos-x86_64 | 0.1.9 | 322.00 | NOTE | |||
r-release-windows-x86_64 | 0.1.9 | 50.00 | 476.00 | 526.00 | OK | |
r-oldrel-macos-arm64 | 0.1.9 | 10.00 | ERROR | |||
r-oldrel-macos-x86_64 | 0.1.9 | 11.00 | ERROR | |||
r-oldrel-windows-x86_64 | 0.1.9 | 66.00 | 500.00 | 566.00 | OK |
Version: 0.1.9
Check: whether package can be installed
Result: ERROR
Installation failed.
Flavor: r-devel-windows-x86_64
Version: 0.1.9
Check: installed package size
Result: NOTE
installed size is 5.7Mb
sub-directories of 1Mb or more:
data 5.0Mb
Flavor: r-release-macos-x86_64
Version: 0.1.9
Check: package dependencies
Result: ERROR
Package required but not available: ‘GSVA’
See section ‘The DESCRIPTION file’ in the ‘Writing R Extensions’
manual.
Flavors: r-oldrel-macos-arm64, r-oldrel-macos-x86_64