CRAN Package Check Results for Package SunsVoc

Last updated on 2022-09-30 04:59:23 CEST.

Flavor Version Tinstall Tcheck Ttotal Status Flags
r-devel-linux-x86_64-debian-clang 0.1.2 25.60 81.29 106.89 OK
r-devel-linux-x86_64-debian-gcc 0.1.2 20.94 60.90 81.84 OK
r-devel-linux-x86_64-fedora-clang 0.1.2 146.60 NOTE
r-devel-linux-x86_64-fedora-gcc 0.1.2 143.12 NOTE
r-devel-windows-x86_64 0.1.2 32.00 116.00 148.00 OK
r-patched-linux-x86_64 0.1.2 22.83 77.17 100.00 OK
r-release-linux-x86_64 0.1.2 24.45 75.10 99.55 OK
r-release-macos-arm64 0.1.2 54.00 NOTE
r-release-macos-x86_64 0.1.2 79.00 NOTE
r-release-windows-x86_64 0.1.2 36.00 170.00 206.00 OK
r-oldrel-macos-arm64 0.1.2 78.00 NOTE
r-oldrel-macos-x86_64 0.1.2 87.00 NOTE
r-oldrel-windows-ix86+x86_64 0.1.2 40.00 108.00 148.00 OK

Check Details

Version: 0.1.2
Check: dependencies in R code
Result: NOTE
    Namespace in Imports field not imported from: ‘data.table’
     All declared Imports should be used.
Flavors: r-devel-linux-x86_64-fedora-clang, r-devel-linux-x86_64-fedora-gcc, r-release-macos-arm64, r-release-macos-x86_64, r-oldrel-macos-arm64, r-oldrel-macos-x86_64