Last updated on 2023-12-03 04:02:40 CET.
Flavor | Version | Tinstall | Tcheck | Ttotal | Status | Flags |
---|---|---|---|---|---|---|
r-devel-linux-x86_64-debian-clang | 1.1.0 | 11.73 | 168.95 | 180.68 | NOTE | |
r-devel-linux-x86_64-debian-gcc | 1.1.0 | 8.35 | 124.28 | 132.63 | NOTE | |
r-devel-linux-x86_64-fedora-clang | 1.1.0 | 217.52 | NOTE | |||
r-devel-linux-x86_64-fedora-gcc | 1.1.0 | 223.62 | NOTE | |||
r-devel-windows-x86_64 | 1.1.0 | 11.00 | 293.00 | 304.00 | NOTE | |
r-patched-linux-x86_64 | 1.1.0 | 11.03 | 160.41 | 171.44 | NOTE | |
r-release-linux-x86_64 | 1.1.0 | 11.07 | 160.06 | 171.13 | NOTE | |
r-release-macos-arm64 | 1.1.0 | 89.00 | NOTE | |||
r-release-macos-x86_64 | 1.1.0 | 122.00 | NOTE | |||
r-release-windows-x86_64 | 1.1.0 | 14.00 | 377.00 | 391.00 | NOTE | |
r-oldrel-macos-arm64 | 1.1.0 | 68.00 | NOTE | |||
r-oldrel-macos-x86_64 | 1.1.0 | 149.00 | NOTE | |||
r-oldrel-windows-x86_64 | 1.1.0 | 14.00 | 389.00 | 403.00 | NOTE |
Version: 1.1.0
Check: LazyData
Result: NOTE
'LazyData' is specified without a 'data' directory
Flavors: r-devel-linux-x86_64-debian-clang, r-devel-linux-x86_64-debian-gcc, r-devel-linux-x86_64-fedora-clang, r-devel-linux-x86_64-fedora-gcc, r-devel-windows-x86_64, r-patched-linux-x86_64, r-release-linux-x86_64, r-release-macos-arm64, r-release-macos-x86_64, r-release-windows-x86_64, r-oldrel-macos-arm64, r-oldrel-macos-x86_64, r-oldrel-windows-x86_64